CRAN Package Check Results for Package PLNmodels

Last updated on 2024-07-20 06:49:27 CEST.

Flavor Version Tinstall Tcheck Ttotal Status Flags
r-devel-linux-x86_64-debian-clang 1.2.0 217.81 730.72 948.53 OK
r-devel-linux-x86_64-debian-gcc 1.2.0 155.40 517.60 673.00 OK
r-devel-linux-x86_64-fedora-clang 1.2.0 1316.44 NOTE
r-devel-linux-x86_64-fedora-gcc 1.2.0 1264.96 OK
r-devel-windows-x86_64 1.2.0 164.00 568.00 732.00 NOTE
r-patched-linux-x86_64 1.2.0 216.65 697.71 914.36 OK
r-release-linux-x86_64 1.2.0 150.62 712.37 862.99 OK
r-release-macos-arm64 1.2.0 289.00 NOTE
r-release-macos-x86_64 1.2.0 427.00 NOTE
r-release-windows-x86_64 1.2.0 187.00 550.00 737.00 NOTE
r-oldrel-macos-arm64 1.2.0 347.00 NOTE
r-oldrel-macos-x86_64 1.2.0 585.00 NOTE
r-oldrel-windows-x86_64 1.2.0 239.00 686.00 925.00 NOTE

Check Details

Version: 1.2.0
Check: installed package size
Result: NOTE installed size is 6.0Mb sub-directories of 1Mb or more: data 1.4Mb doc 2.1Mb Flavors: r-devel-linux-x86_64-fedora-clang, r-devel-windows-x86_64, r-release-macos-arm64, r-release-macos-x86_64, r-release-windows-x86_64, r-oldrel-macos-arm64, r-oldrel-macos-x86_64, r-oldrel-windows-x86_64

Version: 1.2.0
Check: Rd cross-references
Result: NOTE Found the following Rd file(s) with Rd \link{} targets missing package anchors: Networkfamily.Rd: ggplot PLNLDAfit.Rd: ggplot PLNPCAfamily.Rd: ggplot2 PLNPCAfit.Rd: ggplot PLNfamily.Rd: ggplot2 PLNmixturefamily.Rd: ggplot2, ggplot PLNmixturefit.Rd: ggplot plot.PLNLDAfit.Rd: ggplot2 plot.PLNPCAfit.Rd: ggplot plot.PLNmixturefit.Rd: ggplot Please provide package anchors for all Rd \link{} targets not in the package itself and the base packages. Flavor: r-devel-windows-x86_64