CRAN Package Check Results for Package PLSiMCpp

Last updated on 2024-07-25 05:55:06 CEST.

Flavor Version Tinstall Tcheck Ttotal Status Flags
r-devel-linux-x86_64-debian-clang 1.0.4 45.37 64.49 109.86 NOTE
r-devel-linux-x86_64-debian-gcc 1.0.4 35.33 46.49 81.82 NOTE
r-devel-linux-x86_64-fedora-clang 1.0.4 153.16 NOTE
r-devel-linux-x86_64-fedora-gcc 1.0.4 158.13 NOTE
r-devel-windows-x86_64 1.0.4 39.00 88.00 127.00 NOTE
r-patched-linux-x86_64 1.0.4 47.88 62.27 110.15 NOTE
r-release-linux-x86_64 1.0.4 45.27 59.91 105.18 NOTE
r-release-macos-arm64 1.0.4 42.00 NOTE
r-release-macos-x86_64 1.0.4 68.00 NOTE
r-release-windows-x86_64 1.0.4 45.00 85.00 130.00 NOTE
r-oldrel-macos-arm64 1.0.4 47.00 NOTE
r-oldrel-macos-x86_64 1.0.4 77.00 NOTE
r-oldrel-windows-x86_64 1.0.4 48.00 101.00 149.00 NOTE

Check Details

Version: 1.0.4
Check: C++ specification
Result: NOTE Specified C++11: please drop specification unless essential Flavors: r-devel-linux-x86_64-debian-clang, r-devel-linux-x86_64-debian-gcc, r-devel-linux-x86_64-fedora-clang, r-devel-linux-x86_64-fedora-gcc, r-devel-windows-x86_64, r-patched-linux-x86_64, r-release-linux-x86_64, r-release-macos-arm64, r-release-macos-x86_64, r-release-windows-x86_64, r-oldrel-macos-arm64, r-oldrel-macos-x86_64, r-oldrel-windows-x86_64

Version: 1.0.4
Check: installed package size
Result: NOTE installed size is 5.3Mb sub-directories of 1Mb or more: libs 5.1Mb Flavors: r-release-macos-arm64, r-release-macos-x86_64, r-oldrel-macos-arm64, r-oldrel-macos-x86_64