CRAN Package Check Results for Package PRDA

Last updated on 2024-07-20 06:49:28 CEST.

Flavor Version Tinstall Tcheck Ttotal Status Flags
r-devel-linux-x86_64-debian-clang 1.0.0 30.69 237.91 268.60 NOTE
r-devel-linux-x86_64-debian-gcc 1.0.0 20.93 158.71 179.64 NOTE
r-devel-linux-x86_64-fedora-clang 1.0.0 365.67 NOTE
r-devel-linux-x86_64-fedora-gcc 1.0.0 354.88 NOTE
r-devel-windows-x86_64 1.0.0 26.00 229.00 255.00 NOTE
r-patched-linux-x86_64 1.0.0 35.21 219.69 254.90 NOTE
r-release-linux-x86_64 1.0.0 34.85 218.73 253.58 NOTE
r-release-macos-arm64 1.0.0 117.00 NOTE
r-release-macos-x86_64 1.0.0 201.00 NOTE
r-release-windows-x86_64 1.0.0 34.00 226.00 260.00 NOTE
r-oldrel-macos-arm64 1.0.0 128.00 NOTE
r-oldrel-macos-x86_64 1.0.0 240.00 NOTE
r-oldrel-windows-x86_64 1.0.0 43.00 269.00 312.00 NOTE

Check Details

Version: 1.0.0
Check: C++ specification
Result: NOTE Specified C++11: please drop specification unless essential Flavors: r-devel-linux-x86_64-debian-clang, r-devel-linux-x86_64-debian-gcc, r-devel-linux-x86_64-fedora-clang, r-devel-linux-x86_64-fedora-gcc, r-devel-windows-x86_64, r-patched-linux-x86_64, r-release-linux-x86_64, r-release-macos-arm64, r-release-macos-x86_64, r-release-windows-x86_64, r-oldrel-macos-arm64, r-oldrel-macos-x86_64, r-oldrel-windows-x86_64

Version: 1.0.0
Check: Rd files
Result: NOTE checkRd: (-1) PRDA.Rd:8: Lost braces; missing escapes or markup? 8 | Given an hypothetical value of effect size, {PRDA} performs a prospective | ^ checkRd: (-1) PRDA.Rd:22: Lost braces; missing escapes or markup? 22 | In {PRDA} there are two main functions: | ^ checkRd: (-1) PRDA.Rd:51: Lost braces; missing escapes or markup? 51 | Alternatively, {PRDA} allows users to specify a distribution of plausible | ^ Flavors: r-devel-linux-x86_64-debian-clang, r-devel-linux-x86_64-debian-gcc, r-devel-linux-x86_64-fedora-clang, r-devel-linux-x86_64-fedora-gcc, r-devel-windows-x86_64, r-patched-linux-x86_64, r-release-linux-x86_64, r-release-macos-arm64, r-release-macos-x86_64, r-release-windows-x86_64

Version: 1.0.0
Check: LazyData
Result: NOTE 'LazyData' is specified without a 'data' directory Flavors: r-devel-linux-x86_64-debian-clang, r-devel-linux-x86_64-debian-gcc, r-devel-linux-x86_64-fedora-clang, r-devel-linux-x86_64-fedora-gcc, r-devel-windows-x86_64, r-patched-linux-x86_64, r-release-linux-x86_64, r-release-macos-arm64, r-release-macos-x86_64, r-release-windows-x86_64, r-oldrel-macos-arm64, r-oldrel-macos-x86_64, r-oldrel-windows-x86_64