CRAN Package Check Results for Package PakPMICS2014Ch

Last updated on 2024-07-20 06:49:26 CEST.

Flavor Version Tinstall Tcheck Ttotal Status Flags
r-devel-linux-x86_64-debian-clang 0.1.0 4.19 32.18 36.37 NOTE
r-devel-linux-x86_64-debian-gcc 0.1.0 2.81 24.28 27.09 NOTE
r-devel-linux-x86_64-fedora-clang 0.1.0 46.41 NOTE
r-devel-linux-x86_64-fedora-gcc 0.1.0 47.46 NOTE
r-devel-windows-x86_64 0.1.0 4.00 52.00 56.00 NOTE
r-patched-linux-x86_64 0.1.0 3.93 29.92 33.85 NOTE
r-release-linux-x86_64 0.1.0 3.39 30.20 33.59 NOTE
r-release-macos-arm64 0.1.0 19.00 NOTE
r-release-macos-x86_64 0.1.0 25.00 NOTE
r-release-windows-x86_64 0.1.0 5.00 51.00 56.00 NOTE
r-oldrel-macos-arm64 0.1.0 22.00 OK
r-oldrel-macos-x86_64 0.1.0 27.00 OK
r-oldrel-windows-x86_64 0.1.0 5.00 53.00 58.00 OK

Check Details

Version: 0.1.0
Check: Rd files
Result: NOTE checkRd: (-1) MICS2014Ch.Rd:296: Lost braces in \enumerate; meant \describe ? checkRd: (-1) MICS2014Ch.Rd:297: Lost braces in \enumerate; meant \describe ? Flavors: r-devel-linux-x86_64-debian-clang, r-devel-linux-x86_64-debian-gcc, r-devel-linux-x86_64-fedora-clang, r-devel-linux-x86_64-fedora-gcc, r-devel-windows-x86_64, r-patched-linux-x86_64, r-release-linux-x86_64, r-release-macos-arm64, r-release-macos-x86_64, r-release-windows-x86_64

Version: 0.1.0
Check: dependencies in R code
Result: NOTE Namespace in Imports field not imported from: ‘stats’ All declared Imports should be used. Flavors: r-devel-linux-x86_64-fedora-clang, r-devel-linux-x86_64-fedora-gcc