CRAN Package Check Results for Package Phase123

Last updated on 2024-07-20 06:49:27 CEST.

Flavor Version Tinstall Tcheck Ttotal Status Flags
r-devel-linux-x86_64-debian-clang 2.1 45.20 80.04 125.24 NOTE
r-devel-linux-x86_64-debian-gcc 2.1 32.58 59.95 92.53 NOTE
r-devel-linux-x86_64-fedora-clang 2.1 172.13 NOTE
r-devel-linux-x86_64-fedora-gcc 2.1 179.88 NOTE
r-devel-windows-x86_64 2.1 35.00 103.00 138.00 NOTE
r-patched-linux-x86_64 2.1 36.92 77.70 114.62 NOTE
r-release-linux-x86_64 2.1 39.32 75.00 114.32 NOTE
r-release-macos-arm64 2.1 45.00 NOTE
r-release-macos-x86_64 2.1 75.00 NOTE
r-release-windows-x86_64 2.1 39.00 103.00 142.00 NOTE
r-oldrel-macos-arm64 2.1 53.00 NOTE
r-oldrel-macos-x86_64 2.1 86.00 NOTE
r-oldrel-windows-x86_64 2.1 50.00 122.00 172.00 NOTE

Check Details

Version: 2.1
Check: LazyData
Result: NOTE 'LazyData' is specified without a 'data' directory Flavors: r-devel-linux-x86_64-debian-clang, r-devel-linux-x86_64-debian-gcc, r-devel-linux-x86_64-fedora-clang, r-devel-linux-x86_64-fedora-gcc, r-devel-windows-x86_64, r-patched-linux-x86_64, r-release-linux-x86_64, r-release-macos-arm64, r-release-macos-x86_64, r-release-windows-x86_64, r-oldrel-macos-arm64, r-oldrel-macos-x86_64, r-oldrel-windows-x86_64