CRAN Package Check Results for Package PhysicalActivity

Last updated on 2024-06-23 05:54:30 CEST.

Flavor Version Tinstall Tcheck Ttotal Status Flags
r-devel-linux-x86_64-debian-clang 0.2-4 3.88 81.39 85.27 NOTE
r-devel-linux-x86_64-debian-gcc 0.2-4 2.27 77.18 79.45 NOTE
r-devel-linux-x86_64-fedora-clang 0.2-4 109.95 NOTE
r-devel-linux-x86_64-fedora-gcc 0.2-4 127.82 NOTE
r-devel-windows-x86_64 0.2-4 4.00 111.00 115.00 NOTE
r-patched-linux-x86_64 0.2-4 5.14 95.88 101.02 NOTE
r-release-linux-x86_64 0.2-4 4.28 96.28 100.56 NOTE
r-release-macos-arm64 0.2-4 59.00 NOTE
r-release-macos-x86_64 0.2-4 139.00 NOTE
r-release-windows-x86_64 0.2-4 6.00 114.00 120.00 NOTE
r-oldrel-macos-arm64 0.2-4 63.00 OK
r-oldrel-macos-x86_64 0.2-4 117.00 OK
r-oldrel-windows-x86_64 0.2-4 4.00 138.00 142.00 OK

Check Details

Version: 0.2-4
Check: Rd files
Result: NOTE checkRd: (-1) pa-internal.Rd:11: Lost braces 11 | code{l2df}: convert list to data.frame | ^ checkRd: (-1) pa-internal.Rd:14: Lost braces 14 | code{convertTZ}: force a new timezone on datetime | ^ checkRd: (-1) pa-internal.Rd:16: Lost braces 16 | code{createTime}: create datetime variable | ^ checkRd: (-1) pa-internal.Rd:18: Lost braces 18 | code{addDayIndex}: create ID_day variable from timestamp | ^ Flavors: r-devel-linux-x86_64-debian-clang, r-devel-linux-x86_64-debian-gcc, r-devel-linux-x86_64-fedora-clang, r-devel-linux-x86_64-fedora-gcc, r-devel-windows-x86_64, r-patched-linux-x86_64, r-release-linux-x86_64, r-release-macos-arm64, r-release-macos-x86_64, r-release-windows-x86_64