CRAN Package Check Results for Package PieceExpIntensity

Last updated on 2024-07-23 05:57:39 CEST.

Flavor Version Tinstall Tcheck Ttotal Status Flags
r-devel-linux-x86_64-debian-clang 1.0.4 25.41 28.78 54.19 NOTE
r-devel-linux-x86_64-debian-gcc 1.0.4 17.45 21.46 38.91 NOTE
r-devel-linux-x86_64-fedora-clang 1.0.4 88.88 NOTE
r-devel-linux-x86_64-fedora-gcc 1.0.4 79.63 NOTE
r-devel-windows-x86_64 1.0.4 23.00 62.00 85.00 NOTE
r-patched-linux-x86_64 1.0.4 25.47 26.47 51.94 NOTE
r-release-linux-x86_64 1.0.4 20.50 27.31 47.81 NOTE
r-release-macos-arm64 1.0.4 25.00 NOTE
r-release-macos-x86_64 1.0.4 41.00 NOTE
r-release-windows-x86_64 1.0.4 28.00 68.00 96.00 NOTE
r-oldrel-macos-arm64 1.0.4 28.00 NOTE
r-oldrel-macos-x86_64 1.0.4 41.00 NOTE
r-oldrel-windows-x86_64 1.0.4 28.00 69.00 97.00 NOTE

Check Details

Version: 1.0.4
Check: LazyData
Result: NOTE 'LazyData' is specified without a 'data' directory Flavors: r-devel-linux-x86_64-debian-clang, r-devel-linux-x86_64-debian-gcc, r-devel-linux-x86_64-fedora-clang, r-devel-linux-x86_64-fedora-gcc, r-devel-windows-x86_64, r-patched-linux-x86_64, r-release-linux-x86_64, r-release-macos-arm64, r-release-macos-x86_64, r-release-windows-x86_64, r-oldrel-macos-arm64, r-oldrel-macos-x86_64, r-oldrel-windows-x86_64