CRAN Package Check Results for Package QCAcluster

Last updated on 2024-07-13 06:49:48 CEST.

Flavor Version Tinstall Tcheck Ttotal Status Flags
r-devel-linux-x86_64-debian-clang 0.1.0 10.38 305.10 315.48 OK
r-devel-linux-x86_64-debian-gcc 0.1.0 7.71 211.89 219.60 OK
r-devel-linux-x86_64-fedora-clang 0.1.0 377.10 NOTE
r-devel-linux-x86_64-fedora-gcc 0.1.0 399.96 NOTE
r-devel-windows-x86_64 0.1.0 12.00 224.00 236.00 NOTE
r-patched-linux-x86_64 0.1.0 14.62 282.39 297.01 OK
r-release-linux-x86_64 0.1.0 9.60 290.92 300.52 OK
r-release-macos-arm64 0.1.0 96.00 OK
r-release-macos-x86_64 0.1.0 173.00 OK
r-release-windows-x86_64 0.1.0 10.00 223.00 233.00 OK
r-oldrel-macos-arm64 0.1.0 100.00 OK
r-oldrel-macos-x86_64 0.1.0 163.00 OK
r-oldrel-windows-x86_64 0.1.0 15.00 296.00 311.00 OK

Check Details

Version: 0.1.0
Check: dependencies in R code
Result: NOTE Namespace in Imports field not imported from: ‘data.table’ All declared Imports should be used. Flavors: r-devel-linux-x86_64-fedora-clang, r-devel-linux-x86_64-fedora-gcc

Version: 0.1.0
Check: Rd cross-references
Result: NOTE Found the following Rd file(s) with Rd \link{} targets missing package anchors: wop.Rd: minimize wop_inter.Rd: minimize Please provide package anchors for all Rd \link{} targets not in the package itself and the base packages. Flavor: r-devel-windows-x86_64