CRAN Package Check Results for Package QRM

Last updated on 2024-07-18 06:57:32 CEST.

Flavor Version Tinstall Tcheck Ttotal Status Flags
r-devel-linux-x86_64-debian-clang 0.4-31 36.00 145.04 181.04 OK
r-devel-linux-x86_64-debian-gcc 0.4-31 19.30 109.63 128.93 OK
r-devel-linux-x86_64-fedora-clang 0.4-31 233.20 OK
r-devel-linux-x86_64-fedora-gcc 0.4-31 241.21 OK
r-devel-windows-x86_64 0.4-31 28.00 149.00 177.00 NOTE
r-patched-linux-x86_64 0.4-31 27.22 142.71 169.93 OK
r-release-linux-x86_64 0.4-31 29.77 138.77 168.54 OK
r-release-macos-arm64 0.4-31 64.00 OK
r-release-macos-x86_64 0.4-31 175.00 OK
r-release-windows-x86_64 0.4-31 28.00 153.00 181.00 OK
r-oldrel-macos-arm64 0.4-31 67.00 OK
r-oldrel-macos-x86_64 0.4-31 114.00 OK
r-oldrel-windows-x86_64 0.4-31 36.00 172.00 208.00 OK

Check Details

Version: 0.4-31
Check: Rd cross-references
Result: NOTE Found the following Rd file(s) with Rd \link{} targets missing package anchors: game-aux.Rd: gam game.Rd: gam Please provide package anchors for all Rd \link{} targets not in the package itself and the base packages. Flavor: r-devel-windows-x86_64