CRAN Package Check Results for Package R6P

Last updated on 2024-07-18 06:57:33 CEST.

Flavor Version Tinstall Tcheck Ttotal Status Flags
r-devel-linux-x86_64-debian-clang 0.3.0 4.15 38.20 42.35 NOTE
r-devel-linux-x86_64-debian-gcc 0.3.0 3.34 28.55 31.89 NOTE
r-devel-linux-x86_64-fedora-clang 0.3.0 53.69 NOTE
r-devel-linux-x86_64-fedora-gcc 0.3.0 53.11 NOTE
r-devel-windows-x86_64 0.3.0 5.00 56.00 61.00 NOTE
r-patched-linux-x86_64 0.3.0 2.95 35.69 38.64 NOTE
r-release-linux-x86_64 0.3.0 4.53 35.19 39.72 NOTE
r-release-macos-arm64 0.3.0 23.00 OK
r-release-macos-x86_64 0.3.0 31.00 OK
r-release-windows-x86_64 0.3.0 6.00 62.00 68.00 NOTE
r-oldrel-macos-arm64 0.3.0 22.00 OK
r-oldrel-macos-x86_64 0.3.0 28.00 OK
r-oldrel-windows-x86_64 0.3.0 6.00 58.00 64.00 OK

Check Details

Version: 0.3.0
Check: HTML version of manual
Result: NOTE Found the following HTML validation problems: Repository.html:125:1 (Repository.Rd:129): Warning: trimming empty <ul> Flavors: r-devel-linux-x86_64-debian-clang, r-devel-linux-x86_64-debian-gcc, r-devel-linux-x86_64-fedora-clang, r-devel-linux-x86_64-fedora-gcc, r-devel-windows-x86_64, r-patched-linux-x86_64, r-release-linux-x86_64, r-release-windows-x86_64