CRAN Package Check Results for Package RBesT

Last updated on 2024-07-16 05:56:00 CEST.

Flavor Version Tinstall Tcheck Ttotal Status Flags
r-devel-linux-x86_64-debian-clang 1.7-3 249.31 263.19 512.50 NOTE
r-devel-linux-x86_64-debian-gcc 1.7-3 194.86 203.81 398.67 NOTE
r-devel-linux-x86_64-fedora-clang 1.7-3 639.97 NOTE
r-devel-linux-x86_64-fedora-gcc 1.7-3 702.21 NOTE
r-devel-windows-x86_64 1.7-3 174.00 241.00 415.00 NOTE
r-patched-linux-x86_64 1.7-3 188.39 275.11 463.50 NOTE
r-release-linux-x86_64 1.7-3 0.02 2.89 2.91 ERROR
r-release-macos-arm64 1.7-3 150.00 NOTE
r-release-macos-x86_64 1.7-3 604.00 NOTE
r-release-windows-x86_64 1.7-3 164.00 230.00 394.00 NOTE
r-oldrel-macos-arm64 1.7-3 130.00 NOTE
r-oldrel-macos-x86_64 1.7-3 326.00 NOTE
r-oldrel-windows-x86_64 1.7-3 233.00 297.00 530.00 NOTE

Check Details

Version: 1.7-3
Check: for GNU extensions in Makefiles
Result: NOTE GNU make is a SystemRequirements. Flavors: r-devel-linux-x86_64-debian-clang, r-devel-linux-x86_64-debian-gcc, r-devel-linux-x86_64-fedora-clang, r-devel-linux-x86_64-fedora-gcc, r-devel-windows-x86_64, r-patched-linux-x86_64, r-release-macos-arm64, r-release-macos-x86_64, r-release-windows-x86_64, r-oldrel-macos-arm64, r-oldrel-macos-x86_64, r-oldrel-windows-x86_64

Version: 1.7-3
Check: Rd cross-references
Result: NOTE Found the following Rd file(s) with Rd \link{} targets missing package anchors: plot.gMAP.Rd: ggplot Please provide package anchors for all Rd \link{} targets not in the package itself and the base packages. Flavor: r-devel-windows-x86_64

Version: 1.7-3
Check: whether package can be installed
Result: ERROR Installation failed. Flavor: r-release-linux-x86_64

Version: 1.7-3
Check: installed package size
Result: NOTE installed size is 66.8Mb sub-directories of 1Mb or more: libs 64.8Mb Flavors: r-release-macos-arm64, r-release-macos-x86_64, r-oldrel-macos-arm64, r-oldrel-macos-x86_64