CRAN Package Check Results for Package REDCapTidieR

Last updated on 2024-06-13 06:58:15 CEST.

Flavor Version Tinstall Tcheck Ttotal Status Flags
r-devel-linux-x86_64-debian-clang 1.1.1 10.47 101.54 112.01 OK
r-devel-linux-x86_64-debian-gcc 1.1.1 0.78 1.90 2.68 ERROR
r-devel-linux-x86_64-fedora-clang 1.1.1 146.33 OK
r-devel-linux-x86_64-fedora-gcc 1.1.1 141.66 OK
r-devel-windows-x86_64 1.1.1 10.00 97.00 107.00 OK
r-patched-linux-x86_64 1.1.1 9.44 94.81 104.25 OK
r-release-linux-x86_64 1.1.1 6.94 93.71 100.65 OK
r-release-macos-arm64 1.1.1 46.00 OK
r-release-macos-x86_64 1.1.1 77.00 OK
r-release-windows-x86_64 1.1.1 10.00 96.00 106.00 OK
r-oldrel-macos-arm64 1.1.1 49.00 OK
r-oldrel-macos-x86_64 1.1.1 110.00 OK
r-oldrel-windows-x86_64 1.1.1 13.00 116.00 129.00 OK

Check Details

Version: 1.1.1
Check: package dependencies
Result: ERROR Packages required but not available: 'dplyr', 'lubridate', 'purrr', 'REDCapR', 'stringr', 'tibble', 'tidyr', 'tidyselect', 'pillar', 'vctrs', 'readr' Packages suggested but not available for checking: 'labelled', 'skimr', 'testthat' See section ‘The DESCRIPTION file’ in the ‘Writing R Extensions’ manual. Flavor: r-devel-linux-x86_64-debian-gcc