CRAN Package Check Results for Package RPEGLMEN

Last updated on 2024-07-23 05:57:42 CEST.

Flavor Version Tinstall Tcheck Ttotal Status Flags
r-devel-linux-x86_64-debian-clang 1.1.2 45.92 38.36 84.28 OK
r-devel-linux-x86_64-debian-gcc 1.1.2 31.57 29.92 61.49 OK
r-devel-linux-x86_64-fedora-clang 1.1.2 144.04 OK
r-devel-linux-x86_64-fedora-gcc 1.1.2 139.75 OK
r-devel-windows-x86_64 1.1.2 52.00 65.00 117.00 OK
r-patched-linux-x86_64 1.1.2 45.51 38.52 84.03 OK
r-release-linux-x86_64 1.1.2 37.51 38.81 76.32 OK
r-release-macos-arm64 1.1.2 42.00 NOTE
r-release-macos-x86_64 1.1.2 58.00 NOTE
r-release-windows-x86_64 1.1.2 55.00 68.00 123.00 OK
r-oldrel-macos-arm64 1.1.2 47.00 NOTE
r-oldrel-macos-x86_64 1.1.2 69.00 NOTE
r-oldrel-windows-x86_64 1.1.2 59.00 79.00 138.00 OK

Check Details

Version: 1.1.2
Check: installed package size
Result: NOTE installed size is 8.0Mb sub-directories of 1Mb or more: libs 7.6Mb Flavors: r-release-macos-arm64, r-release-macos-x86_64, r-oldrel-macos-arm64, r-oldrel-macos-x86_64