CRAN Package Check Results for Package RSKC

Last updated on 2024-06-13 06:58:17 CEST.

Flavor Version Tinstall Tcheck Ttotal Status Flags
r-devel-linux-x86_64-debian-clang 2.4.2 5.96 43.81 49.77 OK
r-devel-linux-x86_64-debian-gcc 2.4.2 5.26 33.89 39.15 OK
r-devel-linux-x86_64-fedora-clang 2.4.2 63.09 NOTE
r-devel-linux-x86_64-fedora-gcc 2.4.2 60.47 NOTE
r-devel-windows-x86_64 2.4.2 7.00 55.00 62.00 OK
r-patched-linux-x86_64 2.4.2 6.71 42.95 49.66 OK
r-release-linux-x86_64 2.4.2 5.40 42.88 48.28 OK
r-release-macos-arm64 2.4.2 23.00 OK
r-release-macos-x86_64 2.4.2 33.00 OK
r-release-windows-x86_64 2.4.2 8.00 56.00 64.00 OK
r-oldrel-macos-arm64 2.4.2 22.00 OK
r-oldrel-macos-x86_64 2.4.2 40.00 OK
r-oldrel-windows-x86_64 2.4.2 8.00 60.00 68.00 OK

Check Details

Version: 2.4.2
Check: compiled code
Result: NOTE File ‘RSKC/libs/RSKC.so’: Found no calls to: ‘R_registerRoutines’, ‘R_useDynamicSymbols’ It is good practice to register native routines and to disable symbol search. See ‘Writing portable packages’ in the ‘Writing R Extensions’ manual. Flavors: r-devel-linux-x86_64-fedora-clang, r-devel-linux-x86_64-fedora-gcc