CRAN Package Check Results for Package RTTWebClient

Last updated on 2024-07-11 05:54:08 CEST.

Flavor Version Tinstall Tcheck Ttotal Status Flags
r-devel-linux-x86_64-debian-clang 0.1.3 4.91 38.45 43.36 NOTE
r-devel-linux-x86_64-debian-gcc 0.1.3 3.64 28.83 32.47 NOTE
r-devel-linux-x86_64-fedora-clang 0.1.3 57.37 NOTE
r-devel-linux-x86_64-fedora-gcc 0.1.3 67.75 NOTE
r-devel-windows-x86_64 0.1.3 5.00 50.00 55.00 NOTE
r-patched-linux-x86_64 0.1.3 4.43 35.71 40.14 NOTE
r-release-linux-x86_64 0.1.3 3.48 36.01 39.49 NOTE
r-release-macos-arm64 0.1.3 26.00 NOTE
r-release-macos-x86_64 0.1.3 38.00 NOTE
r-release-windows-x86_64 0.1.3 5.00 50.00 55.00 NOTE
r-oldrel-macos-arm64 0.1.3 39.00 NOTE
r-oldrel-macos-x86_64 0.1.3 35.00 NOTE
r-oldrel-windows-x86_64 0.1.3 6.00 53.00 59.00 NOTE

Check Details

Version: 0.1.3
Check: package subdirectories
Result: NOTE Problems with news in ‘NEWS.md’: No news entries found. Flavors: r-devel-linux-x86_64-debian-clang, r-devel-linux-x86_64-debian-gcc, r-devel-linux-x86_64-fedora-clang, r-devel-linux-x86_64-fedora-gcc, r-devel-windows-x86_64, r-patched-linux-x86_64, r-release-linux-x86_64, r-release-macos-arm64, r-release-macos-x86_64, r-release-windows-x86_64, r-oldrel-macos-arm64, r-oldrel-macos-x86_64, r-oldrel-windows-x86_64