CRAN Package Check Results for Package RTransferEntropy

Last updated on 2024-06-13 06:58:17 CEST.

Flavor Version Tinstall Tcheck Ttotal Status Flags
r-devel-linux-x86_64-debian-clang 0.2.21 49.49 150.24 199.73 OK
r-devel-linux-x86_64-debian-gcc 0.2.21 27.19 44.08 71.27 ERROR
r-devel-linux-x86_64-fedora-clang 0.2.21 274.11 OK
r-devel-linux-x86_64-fedora-gcc 0.2.21 291.65 OK
r-devel-windows-x86_64 0.2.21 33.00 310.00 343.00 OK
r-patched-linux-x86_64 0.2.21 34.89 143.79 178.68 OK
r-release-linux-x86_64 0.2.21 34.79 141.16 175.95 OK
r-release-macos-arm64 0.2.21 105.00 OK
r-release-macos-x86_64 0.2.21 218.00 OK
r-release-windows-x86_64 0.2.21 33.00 314.00 347.00 OK
r-oldrel-macos-arm64 0.2.21 106.00 OK
r-oldrel-macos-x86_64 0.2.21 196.00 OK
r-oldrel-windows-x86_64 0.2.21 39.00 402.00 441.00 OK

Check Details

Version: 0.2.21
Check: package dependencies
Result: NOTE Packages suggested but not available for checking: 'ggplot2', 'testthat' Flavor: r-devel-linux-x86_64-debian-gcc

Version: 0.2.21
Check: tests
Result: ERROR Running ‘testthat.R’ [0s/1s] Running the tests in ‘tests/testthat.R’ failed. Complete output: > library(testthat) Error in library(testthat) : there is no package called 'testthat' Execution halted Flavor: r-devel-linux-x86_64-debian-gcc

Version: 0.2.21
Check: re-building of vignette outputs
Result: ERROR Error(s) in re-building vignettes: ... --- re-building ‘transfer-entropy.Rmd’ using rmarkdown Quitting from lines 13-52 [setup] (transfer-entropy.Rmd) Error: processing vignette 'transfer-entropy.Rmd' failed with diagnostics: there is no package called 'ggplot2' --- failed re-building ‘transfer-entropy.Rmd’ SUMMARY: processing the following file failed: ‘transfer-entropy.Rmd’ Error: Vignette re-building failed. Execution halted Flavor: r-devel-linux-x86_64-debian-gcc