CRAN Package Check Results for Package RcextTools

Last updated on 2024-07-25 05:55:07 CEST.

Flavor Version Tinstall Tcheck Ttotal Status Flags
r-devel-linux-x86_64-debian-clang 0.1.1 7.22 50.36 57.58 NOTE
r-devel-linux-x86_64-debian-gcc 0.1.1 5.85 37.56 43.41 NOTE
r-devel-linux-x86_64-fedora-clang 0.1.1 72.61 NOTE
r-devel-linux-x86_64-fedora-gcc 0.1.1 73.40 NOTE
r-devel-windows-x86_64 0.1.1 10.00 58.00 68.00 NOTE
r-patched-linux-x86_64 0.1.1 6.82 47.77 54.59 NOTE
r-release-linux-x86_64 0.1.1 5.16 45.84 51.00 NOTE
r-release-macos-arm64 0.1.1 25.00 NOTE
r-release-macos-x86_64 0.1.1 36.00 NOTE
r-release-windows-x86_64 0.1.1 8.00 57.00 65.00 NOTE
r-oldrel-macos-arm64 0.1.1 24.00 OK
r-oldrel-macos-x86_64 0.1.1 38.00 OK
r-oldrel-windows-x86_64 0.1.1 10.00 64.00 74.00 OK

Check Details

Version: 0.1.1
Check: Rd files
Result: NOTE checkRd: (-1) contratos.Rd:23: Lost braces in \itemize; meant \describe ? checkRd: (-1) contratos.Rd:24: Lost braces in \itemize; meant \describe ? checkRd: (-1) contratos.Rd:25: Lost braces in \itemize; meant \describe ? checkRd: (-1) contratos.Rd:26: Lost braces in \itemize; meant \describe ? checkRd: (-1) contratos.Rd:27: Lost braces in \itemize; meant \describe ? checkRd: (-1) contratos.Rd:28: Lost braces in \itemize; meant \describe ? checkRd: (-1) contratos.Rd:29: Lost braces in \itemize; meant \describe ? checkRd: (-1) contratos.Rd:30: Lost braces in \itemize; meant \describe ? checkRd: (-1) contratos.Rd:31: Lost braces in \itemize; meant \describe ? checkRd: (-1) contratos.Rd:32: Lost braces in \itemize; meant \describe ? checkRd: (-1) contratos.Rd:33: Lost braces in \itemize; meant \describe ? checkRd: (-1) contratos.Rd:34: Lost braces in \itemize; meant \describe ? checkRd: (-1) contratos.Rd:35: Lost braces in \itemize; meant \describe ? checkRd: (-1) contratos.Rd:36: Lost braces in \itemize; meant \describe ? checkRd: (-1) contratos.Rd:37: Lost braces in \itemize; meant \describe ? checkRd: (-1) licitacoes.Rd:21: Lost braces in \itemize; meant \describe ? checkRd: (-1) licitacoes.Rd:22: Lost braces in \itemize; meant \describe ? checkRd: (-1) licitacoes.Rd:23: Lost braces in \itemize; meant \describe ? checkRd: (-1) licitacoes.Rd:24: Lost braces in \itemize; meant \describe ? checkRd: (-1) licitacoes.Rd:25: Lost braces in \itemize; meant \describe ? checkRd: (-1) licitacoes.Rd:26: Lost braces in \itemize; meant \describe ? checkRd: (-1) licitacoes.Rd:27: Lost braces in \itemize; meant \describe ? checkRd: (-1) licitacoes.Rd:28: Lost braces in \itemize; meant \describe ? checkRd: (-1) licitacoes.Rd:29: Lost braces in \itemize; meant \describe ? checkRd: (-1) licitacoes.Rd:30: Lost braces in \itemize; meant \describe ? checkRd: (-1) part_lic.Rd:23: Lost braces in \itemize; meant \describe ? checkRd: (-1) part_lic.Rd:24: Lost braces in \itemize; meant \describe ? checkRd: (-1) part_lic.Rd:25: Lost braces in \itemize; meant \describe ? checkRd: (-1) part_lic.Rd:26: Lost braces in \itemize; meant \describe ? checkRd: (-1) part_lic.Rd:27: Lost braces in \itemize; meant \describe ? checkRd: (-1) part_lic.Rd:28: Lost braces in \itemize; meant \describe ? checkRd: (-1) part_lic.Rd:29: Lost braces in \itemize; meant \describe ? checkRd: (-1) part_lic.Rd:30: Lost braces in \itemize; meant \describe ? checkRd: (-1) part_lic.Rd:31: Lost braces in \itemize; meant \describe ? checkRd: (-1) part_lic.Rd:32: Lost braces in \itemize; meant \describe ? checkRd: (-1) part_lic.Rd:33: Lost braces in \itemize; meant \describe ? checkRd: (-1) part_lic.Rd:34: Lost braces in \itemize; meant \describe ? checkRd: (-1) part_lic.Rd:35: Lost braces in \itemize; meant \describe ? Flavors: r-devel-linux-x86_64-debian-clang, r-devel-linux-x86_64-debian-gcc, r-devel-linux-x86_64-fedora-clang, r-devel-linux-x86_64-fedora-gcc, r-devel-windows-x86_64, r-patched-linux-x86_64, r-release-linux-x86_64, r-release-macos-arm64, r-release-macos-x86_64, r-release-windows-x86_64