CRAN Package Check Results for Package RcppClock

Last updated on 2024-07-21 05:57:44 CEST.

Flavor Version Tinstall Tcheck Ttotal Status Flags
r-devel-linux-x86_64-debian-clang 1.1 15.58 53.42 69.00 NOTE
r-devel-linux-x86_64-debian-gcc 1.1 12.44 43.43 55.87 NOTE
r-devel-linux-x86_64-fedora-clang 1.1 103.54 NOTE
r-devel-linux-x86_64-fedora-gcc 1.1 111.62 NOTE
r-devel-windows-x86_64 1.1 18.00 109.00 127.00 NOTE
r-patched-linux-x86_64 1.1 17.64 54.56 72.20 NOTE
r-release-linux-x86_64 1.1 20.20 54.15 74.35 NOTE
r-release-macos-arm64 1.1 29.00 NOTE
r-release-macos-x86_64 1.1 50.00 NOTE
r-release-windows-x86_64 1.1 21.00 117.00 138.00 NOTE
r-oldrel-macos-arm64 1.1 30.00 NOTE
r-oldrel-macos-x86_64 1.1 46.00 NOTE
r-oldrel-windows-x86_64 1.1 26.00 95.00 121.00 NOTE

Check Details

Version: 1.1
Check: C++ specification
Result: NOTE Specified C++11: please drop specification unless essential Flavors: r-devel-linux-x86_64-debian-clang, r-devel-linux-x86_64-debian-gcc, r-devel-linux-x86_64-fedora-clang, r-devel-linux-x86_64-fedora-gcc, r-devel-windows-x86_64, r-patched-linux-x86_64, r-release-linux-x86_64, r-release-macos-arm64, r-release-macos-x86_64, r-release-windows-x86_64, r-oldrel-macos-arm64, r-oldrel-macos-x86_64, r-oldrel-windows-x86_64