CRAN Package Check Results for Package RcppHMM

Last updated on 2024-07-21 05:57:44 CEST.

Flavor Version Tinstall Tcheck Ttotal Status Flags
r-devel-linux-x86_64-debian-clang 1.2.2 85.91 32.52 118.43 NOTE
r-devel-linux-x86_64-debian-gcc 1.2.2 58.23 25.14 83.37 NOTE
r-devel-linux-x86_64-fedora-clang 1.2.2 193.63 NOTE
r-devel-linux-x86_64-fedora-gcc 1.2.2 212.98 NOTE
r-devel-windows-x86_64 1.2.2 68.00 74.00 142.00 NOTE
r-patched-linux-x86_64 1.2.2 98.87 31.01 129.88 NOTE
r-release-linux-x86_64 1.2.2 84.99 30.80 115.79 NOTE
r-release-macos-arm64 1.2.2 40.00 NOTE
r-release-macos-x86_64 1.2.2 50.00 NOTE
r-release-windows-x86_64 1.2.2 82.00 74.00 156.00 NOTE
r-oldrel-macos-arm64 1.2.2 44.00 NOTE
r-oldrel-macos-x86_64 1.2.2 69.00 NOTE
r-oldrel-windows-x86_64 1.2.2 100.00 78.00 178.00 NOTE

Check Details

Version: 1.2.2
Check: C++ specification
Result: NOTE Specified C++11: please drop specification unless essential Flavors: r-devel-linux-x86_64-debian-clang, r-devel-linux-x86_64-debian-gcc, r-devel-linux-x86_64-fedora-clang, r-devel-linux-x86_64-fedora-gcc, r-devel-windows-x86_64, r-patched-linux-x86_64, r-release-linux-x86_64, r-release-macos-arm64, r-release-macos-x86_64, r-release-windows-x86_64, r-oldrel-macos-arm64, r-oldrel-macos-x86_64, r-oldrel-windows-x86_64