CRAN Package Check Results for Package Rcrawler

Last updated on 2024-06-15 06:49:55 CEST.

Flavor Version Tinstall Tcheck Ttotal Status Flags
r-devel-linux-x86_64-debian-clang 0.1.9-1 7.40 53.22 60.62 NOTE
r-devel-linux-x86_64-debian-gcc 0.1.9-1 6.40 38.60 45.00 NOTE
r-devel-linux-x86_64-fedora-clang 0.1.9-1 74.71 NOTE
r-devel-linux-x86_64-fedora-gcc 0.1.9-1 70.15 NOTE
r-devel-windows-x86_64 0.1.9-1 7.00 58.00 65.00 NOTE
r-patched-linux-x86_64 0.1.9-1 5.72 49.28 55.00 NOTE
r-release-linux-x86_64 0.1.9-1 7.49 49.33 56.82 NOTE
r-release-macos-arm64 0.1.9-1 19.00 NOTE
r-release-macos-x86_64 0.1.9-1 31.00 NOTE
r-release-windows-x86_64 0.1.9-1 8.00 60.00 68.00 NOTE
r-oldrel-macos-arm64 0.1.9-1 23.00 NOTE
r-oldrel-macos-x86_64 0.1.9-1 37.00 NOTE
r-oldrel-windows-x86_64 0.1.9-1 10.00 66.00 76.00 NOTE

Check Details

Version: 0.1.9-1
Check: LazyData
Result: NOTE 'LazyData' is specified without a 'data' directory Flavors: r-devel-linux-x86_64-debian-clang, r-devel-linux-x86_64-debian-gcc, r-devel-linux-x86_64-fedora-clang, r-devel-linux-x86_64-fedora-gcc, r-devel-windows-x86_64, r-patched-linux-x86_64, r-release-linux-x86_64, r-release-macos-arm64, r-release-macos-x86_64, r-release-windows-x86_64, r-oldrel-macos-arm64, r-oldrel-macos-x86_64, r-oldrel-windows-x86_64