CRAN Package Check Results for Package Rdice

Last updated on 2024-07-20 06:49:29 CEST.

Flavor Version Tinstall Tcheck Ttotal Status Flags
r-devel-linux-x86_64-debian-clang 1.0.0 2.55 39.52 42.07 NOTE
r-devel-linux-x86_64-debian-gcc 1.0.0 2.25 29.96 32.21 NOTE
r-devel-linux-x86_64-fedora-clang 1.0.0 54.84 NOTE
r-devel-linux-x86_64-fedora-gcc 1.0.0 67.38 NOTE
r-devel-windows-x86_64 1.0.0 4.00 58.00 62.00 NOTE
r-patched-linux-x86_64 1.0.0 3.14 38.08 41.22 NOTE
r-release-linux-x86_64 1.0.0 2.40 37.45 39.85 NOTE
r-release-macos-arm64 1.0.0 24.00 NOTE
r-release-macos-x86_64 1.0.0 38.00 NOTE
r-release-windows-x86_64 1.0.0 3.00 58.00 61.00 NOTE
r-oldrel-macos-arm64 1.0.0 26.00 OK
r-oldrel-macos-x86_64 1.0.0 35.00 OK
r-oldrel-windows-x86_64 1.0.0 3.00 60.00 63.00 OK

Check Details

Version: 1.0.0
Check: Rd files
Result: NOTE checkRd: (-1) oskar.Rd:14: Lost braces; missing escapes or markup? 14 | set of dice where A beats {B,C,E}; B beats {C,D,F}; C beats {D,E,G}; #' D beats {A,E,F}; E beats {B,F,G}; F beats {A,C,G}; G beats {A,B,D}. #' Consequently, for arbitrarily chosen two dice there is a third one | ^ checkRd: (-1) oskar.Rd:14: Lost braces; missing escapes or markup? 14 | set of dice where A beats {B,C,E}; B beats {C,D,F}; C beats {D,E,G}; #' D beats {A,E,F}; E beats {B,F,G}; F beats {A,C,G}; G beats {A,B,D}. #' Consequently, for arbitrarily chosen two dice there is a third one | ^ checkRd: (-1) oskar.Rd:14: Lost braces; missing escapes or markup? 14 | set of dice where A beats {B,C,E}; B beats {C,D,F}; C beats {D,E,G}; #' D beats {A,E,F}; E beats {B,F,G}; F beats {A,C,G}; G beats {A,B,D}. #' Consequently, for arbitrarily chosen two dice there is a third one | ^ checkRd: (-1) oskar.Rd:14: Lost braces; missing escapes or markup? 14 | set of dice where A beats {B,C,E}; B beats {C,D,F}; C beats {D,E,G}; #' D beats {A,E,F}; E beats {B,F,G}; F beats {A,C,G}; G beats {A,B,D}. #' Consequently, for arbitrarily chosen two dice there is a third one | ^ checkRd: (-1) oskar.Rd:14: Lost braces; missing escapes or markup? 14 | set of dice where A beats {B,C,E}; B beats {C,D,F}; C beats {D,E,G}; #' D beats {A,E,F}; E beats {B,F,G}; F beats {A,C,G}; G beats {A,B,D}. #' Consequently, for arbitrarily chosen two dice there is a third one | ^ checkRd: (-1) oskar.Rd:14: Lost braces; missing escapes or markup? 14 | set of dice where A beats {B,C,E}; B beats {C,D,F}; C beats {D,E,G}; #' D beats {A,E,F}; E beats {B,F,G}; F beats {A,C,G}; G beats {A,B,D}. #' Consequently, for arbitrarily chosen two dice there is a third one | ^ checkRd: (-1) oskar.Rd:14: Lost braces; missing escapes or markup? 14 | set of dice where A beats {B,C,E}; B beats {C,D,F}; C beats {D,E,G}; #' D beats {A,E,F}; E beats {B,F,G}; F beats {A,C,G}; G beats {A,B,D}. #' Consequently, for arbitrarily chosen two dice there is a third one | ^ Flavors: r-devel-linux-x86_64-debian-clang, r-devel-linux-x86_64-debian-gcc, r-devel-linux-x86_64-fedora-clang, r-devel-linux-x86_64-fedora-gcc, r-devel-windows-x86_64, r-patched-linux-x86_64, r-release-linux-x86_64, r-release-macos-arm64, r-release-macos-x86_64, r-release-windows-x86_64