CRAN Package Check Results for Package RiemBase

Last updated on 2024-07-18 06:57:34 CEST.

Flavor Version Tinstall Tcheck Ttotal Status Flags
r-devel-linux-x86_64-debian-clang 0.2.5 53.25 34.86 88.11 NOTE
r-devel-linux-x86_64-debian-gcc 0.2.5 37.22 25.96 63.18 NOTE
r-devel-linux-x86_64-fedora-clang 0.2.5 119.21 NOTE
r-devel-linux-x86_64-fedora-gcc 0.2.5 140.30 NOTE
r-devel-windows-x86_64 0.2.5 45.00 81.00 126.00 NOTE
r-patched-linux-x86_64 0.2.5 52.47 32.58 85.05 NOTE
r-release-linux-x86_64 0.2.5 51.74 33.22 84.96 NOTE
r-release-macos-arm64 0.2.5 33.00 NOTE
r-release-macos-x86_64 0.2.5 53.00 NOTE
r-release-windows-x86_64 0.2.5 44.00 69.00 113.00 NOTE
r-oldrel-macos-arm64 0.2.5 36.00 NOTE
r-oldrel-macos-x86_64 0.2.5 59.00 NOTE
r-oldrel-windows-x86_64 0.2.5 53.00 80.00 133.00 NOTE

Check Details

Version: 0.2.5
Check: C++ specification
Result: NOTE Specified C++11: please drop specification unless essential Flavors: r-devel-linux-x86_64-debian-clang, r-devel-linux-x86_64-debian-gcc, r-devel-linux-x86_64-fedora-clang, r-devel-linux-x86_64-fedora-gcc, r-devel-windows-x86_64, r-patched-linux-x86_64, r-release-linux-x86_64, r-release-macos-arm64, r-release-macos-x86_64, r-release-windows-x86_64, r-oldrel-macos-arm64, r-oldrel-macos-x86_64, r-oldrel-windows-x86_64

Version: 0.2.5
Check: installed package size
Result: NOTE installed size is 5.5Mb sub-directories of 1Mb or more: libs 5.3Mb Flavors: r-release-macos-arm64, r-release-macos-x86_64, r-oldrel-macos-arm64, r-oldrel-macos-x86_64