CRAN Package Check Results for Package RiskPortfolios

Last updated on 2024-07-11 05:54:07 CEST.

Flavor Version Tinstall Tcheck Ttotal Status Flags
r-devel-linux-x86_64-debian-clang 2.1.7 3.64 47.62 51.26 OK
r-devel-linux-x86_64-debian-gcc 2.1.7 2.57 32.80 35.37 OK
r-devel-linux-x86_64-fedora-clang 2.1.7 63.15 NOTE
r-devel-linux-x86_64-fedora-gcc 2.1.7 61.94 NOTE
r-devel-windows-x86_64 2.1.7 3.00 54.00 57.00 OK
r-patched-linux-x86_64 2.1.7 3.07 44.76 47.83 OK
r-release-linux-x86_64 2.1.7 3.23 43.19 46.42 OK
r-release-macos-arm64 2.1.7 21.00 OK
r-release-macos-x86_64 2.1.7 34.00 OK
r-release-windows-x86_64 2.1.7 4.00 54.00 58.00 OK
r-oldrel-macos-arm64 2.1.7 27.00 OK
r-oldrel-macos-x86_64 2.1.7 30.00 OK
r-oldrel-windows-x86_64 2.1.7 3.00 63.00 66.00 OK

Check Details

Version: 2.1.7
Check: dependencies in R code
Result: NOTE Namespace in Imports field not imported from: ‘MASS’ All declared Imports should be used. Flavors: r-devel-linux-x86_64-fedora-clang, r-devel-linux-x86_64-fedora-gcc