CRAN Package Check Results for Package RobPer

Last updated on 2024-06-18 07:04:04 CEST.

Flavor Version Tinstall Tcheck Ttotal Status Flags
r-devel-linux-x86_64-debian-clang 1.2.3 10.90 163.75 174.65 NOTE
r-devel-linux-x86_64-debian-gcc 1.2.3 8.66 119.97 128.63 NOTE
r-devel-linux-x86_64-fedora-clang 1.2.3 212.81 NOTE
r-devel-linux-x86_64-fedora-gcc 1.2.3 220.57 NOTE
r-devel-windows-x86_64 1.2.3 10.00 156.00 166.00 NOTE
r-patched-linux-x86_64 1.2.3 12.35 155.04 167.39 NOTE
r-release-linux-x86_64 1.2.3 10.25 156.58 166.83 NOTE
r-release-macos-arm64 1.2.3 66.00 NOTE
r-release-macos-x86_64 1.2.3 107.00 NOTE
r-release-windows-x86_64 1.2.3 10.00 162.00 172.00 NOTE
r-oldrel-macos-arm64 1.2.3 73.00 OK
r-oldrel-macos-x86_64 1.2.3 108.00 NOTE
r-oldrel-windows-x86_64 1.2.3 12.00 178.00 190.00 OK

Check Details

Version: 1.2.3
Check: Rd files
Result: NOTE checkRd: (-1) Mrk421.Rd:58: Lost braces 58 | Kestel, M. (2003): TeV gamma-Flux and Spectrum of Markarian 421 in 1999/2000 with Hegra CT1 using refined Analysis Methods. Ph.D. Thesis, Technische \enc{Universit\"{a}t}{Universitaet} \enc{M\"{u}nchen}{Muenchen} | ^ checkRd: (-1) Mrk421.Rd:58: Lost braces 58 | Kestel, M. (2003): TeV gamma-Flux and Spectrum of Markarian 421 in 1999/2000 with Hegra CT1 using refined Analysis Methods. Ph.D. Thesis, Technische \enc{Universit\"{a}t}{Universitaet} \enc{M\"{u}nchen}{Muenchen} | ^ checkRd: (-1) Mrk421.Rd:64: Lost braces 64 | Piron, F. (2000): \enc{\'{E}tude}{Etude} des \enc{propri\'{e}t\'{e}s}{proprietes} spectrales et de la \enc{variabilit\'{e}}{variabilite} de l'\enc{\'{e}mission}{emission} Gamma \enc{sup\'{e}rieure}{superieure} \enc{\`{e}}{a} 250 GeV des blazars \enc{observ\'{e}s}{observes} entre Octobre 1996 et \enc{F\'{e}vrier}{Fevrier} 2000 par le \enc{t\'{e}lescope}{telescope} \enc{\`{e}}{a} effet Tcherenkov \enc{athmosph\'{e}rique}{athmospherique} C.A.T. Ph.D. Thesis, \enc{Universit\'{e}}{Universite} de Paris-Sud | ^ checkRd: (-1) Mrk421.Rd:64: Lost braces 64 | Piron, F. (2000): \enc{\'{E}tude}{Etude} des \enc{propri\'{e}t\'{e}s}{proprietes} spectrales et de la \enc{variabilit\'{e}}{variabilite} de l'\enc{\'{e}mission}{emission} Gamma \enc{sup\'{e}rieure}{superieure} \enc{\`{e}}{a} 250 GeV des blazars \enc{observ\'{e}s}{observes} entre Octobre 1996 et \enc{F\'{e}vrier}{Fevrier} 2000 par le \enc{t\'{e}lescope}{telescope} \enc{\`{e}}{a} effet Tcherenkov \enc{athmosph\'{e}rique}{athmospherique} C.A.T. Ph.D. Thesis, \enc{Universit\'{e}}{Universite} de Paris-Sud | ^ checkRd: (-1) Mrk421.Rd:64: Lost braces 64 | Piron, F. (2000): \enc{\'{E}tude}{Etude} des \enc{propri\'{e}t\'{e}s}{proprietes} spectrales et de la \enc{variabilit\'{e}}{variabilite} de l'\enc{\'{e}mission}{emission} Gamma \enc{sup\'{e}rieure}{superieure} \enc{\`{e}}{a} 250 GeV des blazars \enc{observ\'{e}s}{observes} entre Octobre 1996 et \enc{F\'{e}vrier}{Fevrier} 2000 par le \enc{t\'{e}lescope}{telescope} \enc{\`{e}}{a} effet Tcherenkov \enc{athmosph\'{e}rique}{athmospherique} C.A.T. Ph.D. Thesis, \enc{Universit\'{e}}{Universite} de Paris-Sud | ^ checkRd: (-1) Mrk421.Rd:64: Lost braces 64 | Piron, F. (2000): \enc{\'{E}tude}{Etude} des \enc{propri\'{e}t\'{e}s}{proprietes} spectrales et de la \enc{variabilit\'{e}}{variabilite} de l'\enc{\'{e}mission}{emission} Gamma \enc{sup\'{e}rieure}{superieure} \enc{\`{e}}{a} 250 GeV des blazars \enc{observ\'{e}s}{observes} entre Octobre 1996 et \enc{F\'{e}vrier}{Fevrier} 2000 par le \enc{t\'{e}lescope}{telescope} \enc{\`{e}}{a} effet Tcherenkov \enc{athmosph\'{e}rique}{athmospherique} C.A.T. Ph.D. Thesis, \enc{Universit\'{e}}{Universite} de Paris-Sud | ^ checkRd: (-1) Mrk421.Rd:64: Lost braces 64 | Piron, F. (2000): \enc{\'{E}tude}{Etude} des \enc{propri\'{e}t\'{e}s}{proprietes} spectrales et de la \enc{variabilit\'{e}}{variabilite} de l'\enc{\'{e}mission}{emission} Gamma \enc{sup\'{e}rieure}{superieure} \enc{\`{e}}{a} 250 GeV des blazars \enc{observ\'{e}s}{observes} entre Octobre 1996 et \enc{F\'{e}vrier}{Fevrier} 2000 par le \enc{t\'{e}lescope}{telescope} \enc{\`{e}}{a} effet Tcherenkov \enc{athmosph\'{e}rique}{athmospherique} C.A.T. Ph.D. Thesis, \enc{Universit\'{e}}{Universite} de Paris-Sud | ^ checkRd: (-1) Mrk421.Rd:64: Lost braces 64 | Piron, F. (2000): \enc{\'{E}tude}{Etude} des \enc{propri\'{e}t\'{e}s}{proprietes} spectrales et de la \enc{variabilit\'{e}}{variabilite} de l'\enc{\'{e}mission}{emission} Gamma \enc{sup\'{e}rieure}{superieure} \enc{\`{e}}{a} 250 GeV des blazars \enc{observ\'{e}s}{observes} entre Octobre 1996 et \enc{F\'{e}vrier}{Fevrier} 2000 par le \enc{t\'{e}lescope}{telescope} \enc{\`{e}}{a} effet Tcherenkov \enc{athmosph\'{e}rique}{athmospherique} C.A.T. Ph.D. Thesis, \enc{Universit\'{e}}{Universite} de Paris-Sud | ^ checkRd: (-1) Mrk421.Rd:64: Lost braces 64 | Piron, F. (2000): \enc{\'{E}tude}{Etude} des \enc{propri\'{e}t\'{e}s}{proprietes} spectrales et de la \enc{variabilit\'{e}}{variabilite} de l'\enc{\'{e}mission}{emission} Gamma \enc{sup\'{e}rieure}{superieure} \enc{\`{e}}{a} 250 GeV des blazars \enc{observ\'{e}s}{observes} entre Octobre 1996 et \enc{F\'{e}vrier}{Fevrier} 2000 par le \enc{t\'{e}lescope}{telescope} \enc{\`{e}}{a} effet Tcherenkov \enc{athmosph\'{e}rique}{athmospherique} C.A.T. Ph.D. Thesis, \enc{Universit\'{e}}{Universite} de Paris-Sud | ^ checkRd: (-1) Mrk421.Rd:64: Lost braces 64 | Piron, F. (2000): \enc{\'{E}tude}{Etude} des \enc{propri\'{e}t\'{e}s}{proprietes} spectrales et de la \enc{variabilit\'{e}}{variabilite} de l'\enc{\'{e}mission}{emission} Gamma \enc{sup\'{e}rieure}{superieure} \enc{\`{e}}{a} 250 GeV des blazars \enc{observ\'{e}s}{observes} entre Octobre 1996 et \enc{F\'{e}vrier}{Fevrier} 2000 par le \enc{t\'{e}lescope}{telescope} \enc{\`{e}}{a} effet Tcherenkov \enc{athmosph\'{e}rique}{athmospherique} C.A.T. Ph.D. Thesis, \enc{Universit\'{e}}{Universite} de Paris-Sud | ^ checkRd: (-1) Mrk421.Rd:64: Lost braces 64 | Piron, F. (2000): \enc{\'{E}tude}{Etude} des \enc{propri\'{e}t\'{e}s}{proprietes} spectrales et de la \enc{variabilit\'{e}}{variabilite} de l'\enc{\'{e}mission}{emission} Gamma \enc{sup\'{e}rieure}{superieure} \enc{\`{e}}{a} 250 GeV des blazars \enc{observ\'{e}s}{observes} entre Octobre 1996 et \enc{F\'{e}vrier}{Fevrier} 2000 par le \enc{t\'{e}lescope}{telescope} \enc{\`{e}}{a} effet Tcherenkov \enc{athmosph\'{e}rique}{athmospherique} C.A.T. Ph.D. Thesis, \enc{Universit\'{e}}{Universite} de Paris-Sud | ^ checkRd: (-1) Mrk421.Rd:64: Lost braces 64 | Piron, F. (2000): \enc{\'{E}tude}{Etude} des \enc{propri\'{e}t\'{e}s}{proprietes} spectrales et de la \enc{variabilit\'{e}}{variabilite} de l'\enc{\'{e}mission}{emission} Gamma \enc{sup\'{e}rieure}{superieure} \enc{\`{e}}{a} 250 GeV des blazars \enc{observ\'{e}s}{observes} entre Octobre 1996 et \enc{F\'{e}vrier}{Fevrier} 2000 par le \enc{t\'{e}lescope}{telescope} \enc{\`{e}}{a} effet Tcherenkov \enc{athmosph\'{e}rique}{athmospherique} C.A.T. Ph.D. Thesis, \enc{Universit\'{e}}{Universite} de Paris-Sud | ^ checkRd: (-1) Mrk421.Rd:64: Lost braces 64 | Piron, F. (2000): \enc{\'{E}tude}{Etude} des \enc{propri\'{e}t\'{e}s}{proprietes} spectrales et de la \enc{variabilit\'{e}}{variabilite} de l'\enc{\'{e}mission}{emission} Gamma \enc{sup\'{e}rieure}{superieure} \enc{\`{e}}{a} 250 GeV des blazars \enc{observ\'{e}s}{observes} entre Octobre 1996 et \enc{F\'{e}vrier}{Fevrier} 2000 par le \enc{t\'{e}lescope}{telescope} \enc{\`{e}}{a} effet Tcherenkov \enc{athmosph\'{e}rique}{athmospherique} C.A.T. Ph.D. Thesis, \enc{Universit\'{e}}{Universite} de Paris-Sud | ^ checkRd: (-1) Mrk421.Rd:64: Lost braces 64 | Piron, F. (2000): \enc{\'{E}tude}{Etude} des \enc{propri\'{e}t\'{e}s}{proprietes} spectrales et de la \enc{variabilit\'{e}}{variabilite} de l'\enc{\'{e}mission}{emission} Gamma \enc{sup\'{e}rieure}{superieure} \enc{\`{e}}{a} 250 GeV des blazars \enc{observ\'{e}s}{observes} entre Octobre 1996 et \enc{F\'{e}vrier}{Fevrier} 2000 par le \enc{t\'{e}lescope}{telescope} \enc{\`{e}}{a} effet Tcherenkov \enc{athmosph\'{e}rique}{athmospherique} C.A.T. Ph.D. Thesis, \enc{Universit\'{e}}{Universite} de Paris-Sud | ^ checkRd: (-1) Mrk421.Rd:64: Lost braces 64 | Piron, F. (2000): \enc{\'{E}tude}{Etude} des \enc{propri\'{e}t\'{e}s}{proprietes} spectrales et de la \enc{variabilit\'{e}}{variabilite} de l'\enc{\'{e}mission}{emission} Gamma \enc{sup\'{e}rieure}{superieure} \enc{\`{e}}{a} 250 GeV des blazars \enc{observ\'{e}s}{observes} entre Octobre 1996 et \enc{F\'{e}vrier}{Fevrier} 2000 par le \enc{t\'{e}lescope}{telescope} \enc{\`{e}}{a} effet Tcherenkov \enc{athmosph\'{e}rique}{athmospherique} C.A.T. Ph.D. Thesis, \enc{Universit\'{e}}{Universite} de Paris-Sud | ^ checkRd: (-1) Mrk501.Rd:58: Lost braces 58 | Kestel, M. (2003): TeV gamma-Flux and Spectrum of Markarian 421 in 1999/2000 with Hegra CT1 using refined Analysis Methods. Ph.D. Thesis, Technische \enc{Universit\"{a}t}{Universitaet} \enc{M\"{u}nchen}{Muenchen} | ^ checkRd: (-1) Mrk501.Rd:58: Lost braces 58 | Kestel, M. (2003): TeV gamma-Flux and Spectrum of Markarian 421 in 1999/2000 with Hegra CT1 using refined Analysis Methods. Ph.D. Thesis, Technische \enc{Universit\"{a}t}{Universitaet} \enc{M\"{u}nchen}{Muenchen} | ^ checkRd: (-1) Mrk501.Rd:64: Lost braces 64 | Piron, F. (2000): \enc{\'{E}tude}{Etude} des \enc{propri\'{e}t\'{e}s}{proprietes} spectrales et de la \enc{variabilit\'{e}}{variabilite} de l'\enc{\'{e}mission}{emission} Gamma \enc{sup\'{e}rieure}{superieure} \enc{\`{e}}{a} 250 GeV des blazars \enc{observ\'{e}s}{observes} entre Octobre 1996 et \enc{F\'{e}vrier}{Fevrier} 2000 par le \enc{t\'{e}lescope}{telescope} \enc{\`{e}}{a} effet Tcherenkov \enc{athmosph\'{e}rique}{athmospherique} C.A.T. Ph.D. Thesis, \enc{Universit\'{e}}{Universite} de Paris-Sud | ^ checkRd: (-1) Mrk501.Rd:64: Lost braces 64 | Piron, F. (2000): \enc{\'{E}tude}{Etude} des \enc{propri\'{e}t\'{e}s}{proprietes} spectrales et de la \enc{variabilit\'{e}}{variabilite} de l'\enc{\'{e}mission}{emission} Gamma \enc{sup\'{e}rieure}{superieure} \enc{\`{e}}{a} 250 GeV des blazars \enc{observ\'{e}s}{observes} entre Octobre 1996 et \enc{F\'{e}vrier}{Fevrier} 2000 par le \enc{t\'{e}lescope}{telescope} \enc{\`{e}}{a} effet Tcherenkov \enc{athmosph\'{e}rique}{athmospherique} C.A.T. Ph.D. Thesis, \enc{Universit\'{e}}{Universite} de Paris-Sud | ^ checkRd: (-1) Mrk501.Rd:64: Lost braces 64 | Piron, F. (2000): \enc{\'{E}tude}{Etude} des \enc{propri\'{e}t\'{e}s}{proprietes} spectrales et de la \enc{variabilit\'{e}}{variabilite} de l'\enc{\'{e}mission}{emission} Gamma \enc{sup\'{e}rieure}{superieure} \enc{\`{e}}{a} 250 GeV des blazars \enc{observ\'{e}s}{observes} entre Octobre 1996 et \enc{F\'{e}vrier}{Fevrier} 2000 par le \enc{t\'{e}lescope}{telescope} \enc{\`{e}}{a} effet Tcherenkov \enc{athmosph\'{e}rique}{athmospherique} C.A.T. Ph.D. Thesis, \enc{Universit\'{e}}{Universite} de Paris-Sud | ^ checkRd: (-1) Mrk501.Rd:64: Lost braces 64 | Piron, F. (2000): \enc{\'{E}tude}{Etude} des \enc{propri\'{e}t\'{e}s}{proprietes} spectrales et de la \enc{variabilit\'{e}}{variabilite} de l'\enc{\'{e}mission}{emission} Gamma \enc{sup\'{e}rieure}{superieure} \enc{\`{e}}{a} 250 GeV des blazars \enc{observ\'{e}s}{observes} entre Octobre 1996 et \enc{F\'{e}vrier}{Fevrier} 2000 par le \enc{t\'{e}lescope}{telescope} \enc{\`{e}}{a} effet Tcherenkov \enc{athmosph\'{e}rique}{athmospherique} C.A.T. Ph.D. Thesis, \enc{Universit\'{e}}{Universite} de Paris-Sud | ^ checkRd: (-1) Mrk501.Rd:64: Lost braces 64 | Piron, F. (2000): \enc{\'{E}tude}{Etude} des \enc{propri\'{e}t\'{e}s}{proprietes} spectrales et de la \enc{variabilit\'{e}}{variabilite} de l'\enc{\'{e}mission}{emission} Gamma \enc{sup\'{e}rieure}{superieure} \enc{\`{e}}{a} 250 GeV des blazars \enc{observ\'{e}s}{observes} entre Octobre 1996 et \enc{F\'{e}vrier}{Fevrier} 2000 par le \enc{t\'{e}lescope}{telescope} \enc{\`{e}}{a} effet Tcherenkov \enc{athmosph\'{e}rique}{athmospherique} C.A.T. Ph.D. Thesis, \enc{Universit\'{e}}{Universite} de Paris-Sud | ^ checkRd: (-1) Mrk501.Rd:64: Lost braces 64 | Piron, F. (2000): \enc{\'{E}tude}{Etude} des \enc{propri\'{e}t\'{e}s}{proprietes} spectrales et de la \enc{variabilit\'{e}}{variabilite} de l'\enc{\'{e}mission}{emission} Gamma \enc{sup\'{e}rieure}{superieure} \enc{\`{e}}{a} 250 GeV des blazars \enc{observ\'{e}s}{observes} entre Octobre 1996 et \enc{F\'{e}vrier}{Fevrier} 2000 par le \enc{t\'{e}lescope}{telescope} \enc{\`{e}}{a} effet Tcherenkov \enc{athmosph\'{e}rique}{athmospherique} C.A.T. Ph.D. Thesis, \enc{Universit\'{e}}{Universite} de Paris-Sud | ^ checkRd: (-1) Mrk501.Rd:64: Lost braces 64 | Piron, F. (2000): \enc{\'{E}tude}{Etude} des \enc{propri\'{e}t\'{e}s}{proprietes} spectrales et de la \enc{variabilit\'{e}}{variabilite} de l'\enc{\'{e}mission}{emission} Gamma \enc{sup\'{e}rieure}{superieure} \enc{\`{e}}{a} 250 GeV des blazars \enc{observ\'{e}s}{observes} entre Octobre 1996 et \enc{F\'{e}vrier}{Fevrier} 2000 par le \enc{t\'{e}lescope}{telescope} \enc{\`{e}}{a} effet Tcherenkov \enc{athmosph\'{e}rique}{athmospherique} C.A.T. Ph.D. Thesis, \enc{Universit\'{e}}{Universite} de Paris-Sud | ^ checkRd: (-1) Mrk501.Rd:64: Lost braces 64 | Piron, F. (2000): \enc{\'{E}tude}{Etude} des \enc{propri\'{e}t\'{e}s}{proprietes} spectrales et de la \enc{variabilit\'{e}}{variabilite} de l'\enc{\'{e}mission}{emission} Gamma \enc{sup\'{e}rieure}{superieure} \enc{\`{e}}{a} 250 GeV des blazars \enc{observ\'{e}s}{observes} entre Octobre 1996 et \enc{F\'{e}vrier}{Fevrier} 2000 par le \enc{t\'{e}lescope}{telescope} \enc{\`{e}}{a} effet Tcherenkov \enc{athmosph\'{e}rique}{athmospherique} C.A.T. Ph.D. Thesis, \enc{Universit\'{e}}{Universite} de Paris-Sud | ^ checkRd: (-1) Mrk501.Rd:64: Lost braces 64 | Piron, F. (2000): \enc{\'{E}tude}{Etude} des \enc{propri\'{e}t\'{e}s}{proprietes} spectrales et de la \enc{variabilit\'{e}}{variabilite} de l'\enc{\'{e}mission}{emission} Gamma \enc{sup\'{e}rieure}{superieure} \enc{\`{e}}{a} 250 GeV des blazars \enc{observ\'{e}s}{observes} entre Octobre 1996 et \enc{F\'{e}vrier}{Fevrier} 2000 par le \enc{t\'{e}lescope}{telescope} \enc{\`{e}}{a} effet Tcherenkov \enc{athmosph\'{e}rique}{athmospherique} C.A.T. Ph.D. Thesis, \enc{Universit\'{e}}{Universite} de Paris-Sud | ^ checkRd: (-1) Mrk501.Rd:64: Lost braces 64 | Piron, F. (2000): \enc{\'{E}tude}{Etude} des \enc{propri\'{e}t\'{e}s}{proprietes} spectrales et de la \enc{variabilit\'{e}}{variabilite} de l'\enc{\'{e}mission}{emission} Gamma \enc{sup\'{e}rieure}{superieure} \enc{\`{e}}{a} 250 GeV des blazars \enc{observ\'{e}s}{observes} entre Octobre 1996 et \enc{F\'{e}vrier}{Fevrier} 2000 par le \enc{t\'{e}lescope}{telescope} \enc{\`{e}}{a} effet Tcherenkov \enc{athmosph\'{e}rique}{athmospherique} C.A.T. Ph.D. Thesis, \enc{Universit\'{e}}{Universite} de Paris-Sud | ^ checkRd: (-1) Mrk501.Rd:64: Lost braces 64 | Piron, F. (2000): \enc{\'{E}tude}{Etude} des \enc{propri\'{e}t\'{e}s}{proprietes} spectrales et de la \enc{variabilit\'{e}}{variabilite} de l'\enc{\'{e}mission}{emission} Gamma \enc{sup\'{e}rieure}{superieure} \enc{\`{e}}{a} 250 GeV des blazars \enc{observ\'{e}s}{observes} entre Octobre 1996 et \enc{F\'{e}vrier}{Fevrier} 2000 par le \enc{t\'{e}lescope}{telescope} \enc{\`{e}}{a} effet Tcherenkov \enc{athmosph\'{e}rique}{athmospherique} C.A.T. Ph.D. Thesis, \enc{Universit\'{e}}{Universite} de Paris-Sud | ^ checkRd: (-1) Mrk501.Rd:64: Lost braces 64 | Piron, F. (2000): \enc{\'{E}tude}{Etude} des \enc{propri\'{e}t\'{e}s}{proprietes} spectrales et de la \enc{variabilit\'{e}}{variabilite} de l'\enc{\'{e}mission}{emission} Gamma \enc{sup\'{e}rieure}{superieure} \enc{\`{e}}{a} 250 GeV des blazars \enc{observ\'{e}s}{observes} entre Octobre 1996 et \enc{F\'{e}vrier}{Fevrier} 2000 par le \enc{t\'{e}lescope}{telescope} \enc{\`{e}}{a} effet Tcherenkov \enc{athmosph\'{e}rique}{athmospherique} C.A.T. Ph.D. Thesis, \enc{Universit\'{e}}{Universite} de Paris-Sud | ^ checkRd: (-1) Mrk501.Rd:64: Lost braces 64 | Piron, F. (2000): \enc{\'{E}tude}{Etude} des \enc{propri\'{e}t\'{e}s}{proprietes} spectrales et de la \enc{variabilit\'{e}}{variabilite} de l'\enc{\'{e}mission}{emission} Gamma \enc{sup\'{e}rieure}{superieure} \enc{\`{e}}{a} 250 GeV des blazars \enc{observ\'{e}s}{observes} entre Octobre 1996 et \enc{F\'{e}vrier}{Fevrier} 2000 par le \enc{t\'{e}lescope}{telescope} \enc{\`{e}}{a} effet Tcherenkov \enc{athmosph\'{e}rique}{athmospherique} C.A.T. Ph.D. Thesis, \enc{Universit\'{e}}{Universite} de Paris-Sud | ^ Flavors: r-devel-linux-x86_64-debian-clang, r-devel-linux-x86_64-debian-gcc, r-devel-linux-x86_64-fedora-clang, r-devel-linux-x86_64-fedora-gcc, r-devel-windows-x86_64, r-patched-linux-x86_64, r-release-linux-x86_64, r-release-macos-arm64, r-release-macos-x86_64, r-release-windows-x86_64

Version: 1.2.3
Check: re-building of vignette outputs
Result: NOTE Error(s) in re-building vignettes: --- re-building ‘RobPer_vignette.Rnw’ using Sweave Loading required package: robustbase Loading required package: quantreg Loading required package: SparseM Attaching package: 'SparseM' The following object is masked from 'package:base': backsolve Loading required package: splines Loading required package: BB Loading required package: rgenoud ## rgenoud (Version 5.9-0.3, Build Date: 2022-04-19) ## See http://sekhon.berkeley.edu/rgenoud for additional documentation. ## Please cite software as: ## Walter Mebane, Jr. and Jasjeet S. Sekhon. 2011. ## ``Genetic Optimization Using Derivatives: The rgenoud package for R.'' ## Journal of Statistical Software, 42(11): 1-26. ## Error: processing vignette 'RobPer_vignette.Rnw' failed with diagnostics: Running 'texi2dvi' on 'RobPer_vignette.tex' failed. LaTeX errors: ! LaTeX Error: File `dsfont.sty' not found. Type X to quit or <RETURN> to proceed, or enter new name. (Default extension: sty) ! Emergency stop. <read *> l.4 \usepackage {thumbpdf,lmodern}^^M ! ==> Fatal error occurred, no output PDF file produced! --- failed re-building 'RobPer_vignette.Rnw' SUMMARY: processing the following file failed: 'RobPer_vignette.Rnw' Error: Vignette re-building failed. Execution halted Flavor: r-oldrel-macos-x86_64