CRAN Package Check Results for Package SAVER

Last updated on 2024-06-15 06:49:56 CEST.

Flavor Version Tinstall Tcheck Ttotal Status Flags
r-devel-linux-x86_64-debian-clang 1.1.2 6.72 53.10 59.82 OK
r-devel-linux-x86_64-debian-gcc 1.1.2 6.42 38.49 44.91 OK
r-devel-linux-x86_64-fedora-clang 1.1.2 76.00 NOTE
r-devel-linux-x86_64-fedora-gcc 1.1.2 83.73 NOTE
r-devel-windows-x86_64 1.1.2 7.00 65.00 72.00 OK
r-patched-linux-x86_64 1.1.2 6.94 49.24 56.18 OK
r-release-linux-x86_64 1.1.2 8.50 49.52 58.02 OK
r-release-macos-arm64 1.1.2 36.00 OK
r-release-macos-x86_64 1.1.2 51.00 OK
r-release-windows-x86_64 1.1.2 7.00 67.00 74.00 OK
r-oldrel-macos-arm64 1.1.2 35.00 OK
r-oldrel-macos-x86_64 1.1.2 45.00 OK
r-oldrel-windows-x86_64 1.1.2 10.00 66.00 76.00 OK

Check Details

Version: 1.1.2
Check: dependencies in R code
Result: NOTE Namespace in Imports field not imported from: ‘methods’ All declared Imports should be used. Flavors: r-devel-linux-x86_64-fedora-clang, r-devel-linux-x86_64-fedora-gcc