CRAN Package Check Results for Package SMITIDvisu

Last updated on 2024-07-18 06:57:36 CEST.

Flavor Version Tinstall Tcheck Ttotal Status Flags
r-devel-linux-x86_64-debian-clang 0.0.9 20.42 43.35 63.77 NOTE
r-devel-linux-x86_64-debian-gcc 0.0.9 13.32 32.48 45.80 NOTE
r-devel-linux-x86_64-fedora-clang 0.0.9 90.13 NOTE
r-devel-linux-x86_64-fedora-gcc 0.0.9 90.53 NOTE
r-devel-windows-x86_64 0.0.9 20.00 71.00 91.00 NOTE
r-patched-linux-x86_64 0.0.9 16.78 42.19 58.97 NOTE
r-release-linux-x86_64 0.0.9 19.43 40.69 60.12 NOTE
r-release-macos-arm64 0.0.9 28.00 NOTE
r-release-macos-x86_64 0.0.9 41.00 NOTE
r-release-windows-x86_64 0.0.9 20.00 72.00 92.00 NOTE
r-oldrel-macos-arm64 0.0.9 31.00 NOTE
r-oldrel-macos-x86_64 0.0.9 47.00 NOTE
r-oldrel-windows-x86_64 0.0.9 24.00 85.00 109.00 NOTE

Check Details

Version: 0.0.9
Check: C++ specification
Result: NOTE Specified C++11: please drop specification unless essential Flavors: r-devel-linux-x86_64-debian-clang, r-devel-linux-x86_64-debian-gcc, r-devel-linux-x86_64-fedora-clang, r-devel-linux-x86_64-fedora-gcc, r-devel-windows-x86_64, r-patched-linux-x86_64, r-release-linux-x86_64, r-release-macos-arm64, r-release-macos-x86_64, r-release-windows-x86_64, r-oldrel-macos-arm64, r-oldrel-macos-x86_64, r-oldrel-windows-x86_64