CRAN Package Check Results for Package Signac

Last updated on 2024-07-23 05:57:43 CEST.

Flavor Version Tinstall Tcheck Ttotal Status Flags
r-devel-linux-x86_64-debian-clang 1.13.0 88.89 421.68 510.57 OK
r-devel-linux-x86_64-debian-gcc 1.13.0 60.17 314.81 374.98 NOTE
r-devel-linux-x86_64-fedora-clang 1.13.0 690.67 NOTE
r-devel-linux-x86_64-fedora-gcc 1.13.0 599.42 OK
r-devel-windows-x86_64 1.13.0 68.00 528.00 596.00 NOTE
r-patched-linux-x86_64 1.13.0 92.00 409.94 501.94 OK
r-release-linux-x86_64 1.13.0 50.06 404.28 454.34 OK
r-release-macos-arm64 1.13.0 158.00 NOTE
r-release-macos-x86_64 1.13.0 245.00 NOTE
r-release-windows-x86_64 1.13.0 80.00 336.00 416.00 OK
r-oldrel-macos-arm64 1.13.0 179.00 NOTE
r-oldrel-macos-x86_64 1.13.0 423.00 NOTE
r-oldrel-windows-x86_64 1.13.0 90.00 452.00 542.00 OK

Check Details

Version: 1.13.0
Check: Rd cross-references
Result: NOTE Found the following Rd file(s) with Rd \link{} targets missing package anchors: inter-range-methods.Rd: IRanges Please provide package anchors for all Rd \link{} targets not in the package itself and the base packages. Flavors: r-devel-linux-x86_64-debian-gcc, r-devel-windows-x86_64

Version: 1.13.0
Check: package dependencies
Result: NOTE Imports includes 26 non-default packages. Importing from so many packages makes the package vulnerable to any of them becoming unavailable. Move as many as possible to Suggests and use conditionally. Flavor: r-devel-linux-x86_64-fedora-clang

Version: 1.13.0
Check: installed package size
Result: NOTE installed size is 5.1Mb sub-directories of 1Mb or more: R 2.1Mb libs 1.9Mb Flavors: r-release-macos-arm64, r-release-macos-x86_64, r-oldrel-macos-x86_64

Version: 1.13.0
Check: package dependencies
Result: NOTE Packages suggested but not available for checking: 'chromVAR', 'TFBSTools', 'motifmatchr' Flavors: r-oldrel-macos-arm64, r-oldrel-macos-x86_64

Version: 1.13.0
Check: Rd cross-references
Result: NOTE Packages unavailable to check Rd xrefs: ‘motifmatchr’, ‘TFBSTools’, ‘chromVAR’ Flavors: r-oldrel-macos-arm64, r-oldrel-macos-x86_64