CRAN Package Check Results for Package Storm

Last updated on 2024-07-23 05:57:44 CEST.

Flavor Version Tinstall Tcheck Ttotal Status Flags
r-devel-linux-x86_64-debian-clang 1.2 2.83 24.95 27.78 NOTE
r-devel-linux-x86_64-debian-gcc 1.2 2.29 18.96 21.25 NOTE
r-devel-linux-x86_64-fedora-clang 1.2 35.15 NOTE
r-devel-linux-x86_64-fedora-gcc 1.2 33.93 NOTE
r-devel-windows-x86_64 1.2 3.00 41.00 44.00 NOTE
r-patched-linux-x86_64 1.2 2.69 23.13 25.82 NOTE
r-release-linux-x86_64 1.2 2.05 23.34 25.39 NOTE
r-release-macos-arm64 1.2 17.00 NOTE
r-release-macos-x86_64 1.2 22.00 NOTE
r-release-windows-x86_64 1.2 3.00 39.00 42.00 NOTE
r-oldrel-macos-arm64 1.2 17.00 NOTE
r-oldrel-macos-x86_64 1.2 20.00 NOTE
r-oldrel-windows-x86_64 1.2 3.00 41.00 44.00 NOTE

Check Details

Version: 1.2
Check: DESCRIPTION meta-information
Result: NOTE Malformed Title field: should not end in a period. Flavors: r-devel-linux-x86_64-debian-clang, r-devel-linux-x86_64-debian-gcc, r-devel-linux-x86_64-fedora-clang, r-devel-linux-x86_64-fedora-gcc, r-devel-windows-x86_64, r-patched-linux-x86_64, r-release-linux-x86_64, r-release-macos-arm64, r-release-macos-x86_64, r-release-windows-x86_64, r-oldrel-macos-arm64, r-oldrel-macos-x86_64, r-oldrel-windows-x86_64