CRAN Package Check Results for Package TRMF

Last updated on 2024-06-18 07:04:09 CEST.

Flavor Version Tinstall Tcheck Ttotal Status Flags
r-devel-linux-x86_64-debian-clang 0.1.5 9.92 75.50 85.42 ERROR
r-devel-linux-x86_64-debian-gcc 0.2.1 7.33 59.89 67.22 OK
r-devel-linux-x86_64-fedora-clang 0.2.1 110.17 OK
r-devel-linux-x86_64-fedora-gcc 0.2.1 114.80 OK
r-devel-windows-x86_64 0.2.1 8.00 154.00 162.00 OK
r-patched-linux-x86_64 0.1.5 6.75 75.85 82.60 ERROR
r-release-linux-x86_64 0.2.1 7.33 74.36 81.69 OK
r-release-macos-arm64 0.2.1 40.00 OK
r-release-macos-x86_64 0.2.1 107.00 OK
r-release-windows-x86_64 0.2.1 9.00 78.00 87.00 OK
r-oldrel-macos-arm64 0.2.1 56.00 OK
r-oldrel-macos-x86_64 0.2.1 105.00 OK
r-oldrel-windows-x86_64 0.2.1 9.00 93.00 102.00 OK

Check Details

Version: 0.1.5
Check: re-building of vignette outputs
Result: ERROR Error(s) in re-building vignettes: ... --- re-building ‘TRMF-package.Rmd’ using rmarkdown Error: processing vignette 'TRMF-package.Rmd' failed with diagnostics: The closing fence on line 45 ("```") in TRMF-package.Rmd does not match the opening fence " ```" on line 43. You are recommended to fix either the opening or closing fence of the code chunk to use exactly the same numbers of backticks and same level of indentation (or blockquote). See https://yihui.org/en/2021/10/unbalanced-delimiters/ for more info. --- failed re-building ‘TRMF-package.Rmd’ SUMMARY: processing the following file failed: ‘TRMF-package.Rmd’ Error: Vignette re-building failed. Execution halted Flavors: r-devel-linux-x86_64-debian-clang, r-patched-linux-x86_64