CRAN Package Check Results for Package TSDT

Last updated on 2024-07-11 05:54:12 CEST.

Flavor Version Tinstall Tcheck Ttotal Status Flags
r-devel-linux-x86_64-debian-clang 1.0.7 15.39 117.55 132.94 NOTE
r-devel-linux-x86_64-debian-gcc 1.0.7 12.91 84.42 97.33 NOTE
r-devel-linux-x86_64-fedora-clang 1.0.7 162.64 NOTE
r-devel-linux-x86_64-fedora-gcc 1.0.7 151.88 NOTE
r-devel-windows-x86_64 1.0.7 15.00 104.00 119.00 NOTE
r-patched-linux-x86_64 1.0.7 13.85 110.33 124.18 NOTE
r-release-linux-x86_64 1.0.7 15.02 110.28 125.30 NOTE
r-release-macos-arm64 1.0.7 43.00 NOTE
r-release-macos-x86_64 1.0.7 75.00 NOTE
r-release-windows-x86_64 1.0.7 15.00 105.00 120.00 NOTE
r-oldrel-macos-arm64 1.0.7 46.00 OK
r-oldrel-macos-x86_64 1.0.7 82.00 OK
r-oldrel-windows-x86_64 1.0.7 18.00 126.00 144.00 OK

Check Details

Version: 1.0.7
Check: Rd files
Result: NOTE checkRd: (-1) binary_transform.Rd:16: Lost braces; missing escapes or markup? 16 | Converts any variable with two possible values to a {0,1} binary | ^ checkRd: (-1) binary_transform.Rd:13: Lost braces; missing escapes or markup? 13 | A vector with values in {0,1}. | ^ Flavors: r-devel-linux-x86_64-debian-clang, r-devel-linux-x86_64-debian-gcc, r-devel-linux-x86_64-fedora-clang, r-devel-linux-x86_64-fedora-gcc, r-devel-windows-x86_64, r-patched-linux-x86_64, r-release-linux-x86_64, r-release-macos-arm64, r-release-macos-x86_64, r-release-windows-x86_64