CRAN Package Check Results for Package TSPred

Last updated on 2024-07-18 06:57:39 CEST.

Flavor Version Tinstall Tcheck Ttotal Status Flags
r-devel-linux-x86_64-debian-clang 5.1 9.23 98.00 107.23 OK
r-devel-linux-x86_64-debian-gcc 5.1 6.87 69.66 76.53 OK
r-devel-linux-x86_64-fedora-clang 5.1 133.71 NOTE
r-devel-linux-x86_64-fedora-gcc 5.1 128.24 NOTE
r-devel-windows-x86_64 5.1 11.00 231.00 242.00 NOTE
r-patched-linux-x86_64 5.1 19.14 92.40 111.54 OK
r-release-linux-x86_64 5.1 5.61 93.44 99.05 OK
r-release-macos-arm64 5.1 38.00 OK
r-release-macos-x86_64 5.1 53.00 OK
r-release-windows-x86_64 5.1 11.00 108.00 119.00 OK
r-oldrel-macos-arm64 5.1 42.00 OK
r-oldrel-macos-x86_64 5.1 57.00 OK
r-oldrel-windows-x86_64 5.1 12.00 295.00 307.00 OK

Check Details

Version: 5.1
Check: dependencies in R code
Result: NOTE Namespaces in Imports field not imported from: ‘EMD’ ‘vars’ All declared Imports should be used. Flavors: r-devel-linux-x86_64-fedora-clang, r-devel-linux-x86_64-fedora-gcc

Version: 5.1
Check: Rd cross-references
Result: NOTE Found the following Rd file(s) with Rd \link{} targets missing package anchors: arimapar-deprecated.Rd: auto.arima arimapred.Rd: auto.arima fittestArima.Rd: auto.arima, forecast fittestArimaKF.Rd: predict.SSModel, SSMarima, KFAS, auto.arima, SSModel, AICc fittestEMD.Rd: AICc fittestLM.Rd: AICc fittestMAS.Rd: ets, stlf, AICc fittestPolyR.Rd: dredge, AICc fittestPolyRKF.Rd: SSModel, KFAS, fitSSM, AICc fittestWavelet.Rd: ets, AICc Please provide package anchors for all Rd \link{} targets not in the package itself and the base packages. Flavor: r-devel-windows-x86_64