CRAN Package Check Results for Package TangPoemR

Last updated on 2024-07-11 05:54:11 CEST.

Flavor Version Tinstall Tcheck Ttotal Status Flags
r-devel-linux-x86_64-debian-clang 0.1.0 2.15 20.24 22.39 NOTE
r-devel-linux-x86_64-debian-gcc 0.1.0 1.61 16.20 17.81 NOTE
r-devel-linux-x86_64-fedora-clang 0.1.0 28.36 NOTE
r-devel-linux-x86_64-fedora-gcc 0.1.0 26.63 NOTE
r-devel-windows-x86_64 0.1.0 3.00 38.00 41.00 NOTE
r-patched-linux-x86_64 0.1.0 1.94 19.84 21.78 NOTE
r-release-linux-x86_64 0.1.0 1.89 19.29 21.18 NOTE
r-release-macos-arm64 0.1.0 14.00 NOTE
r-release-macos-x86_64 0.1.0 21.00 NOTE
r-release-windows-x86_64 0.1.0 3.00 38.00 41.00 NOTE
r-oldrel-macos-arm64 0.1.0 15.00 NOTE
r-oldrel-macos-x86_64 0.1.0 19.00 NOTE
r-oldrel-windows-x86_64 0.1.0 3.00 38.00 41.00 NOTE

Check Details

Version: 0.1.0
Check: LazyData
Result: NOTE 'LazyData' is specified without a 'data' directory Flavors: r-devel-linux-x86_64-debian-clang, r-devel-linux-x86_64-debian-gcc, r-devel-linux-x86_64-fedora-clang, r-devel-linux-x86_64-fedora-gcc, r-devel-windows-x86_64, r-patched-linux-x86_64, r-release-linux-x86_64, r-release-macos-arm64, r-release-macos-x86_64, r-release-windows-x86_64, r-oldrel-macos-arm64, r-oldrel-macos-x86_64, r-oldrel-windows-x86_64

Version: 0.1.0
Check: dependencies in R code
Result: NOTE Namespace in Imports field not imported from: ‘jiebaR’ All declared Imports should be used. Flavors: r-devel-linux-x86_64-fedora-clang, r-devel-linux-x86_64-fedora-gcc