CRAN Package Check Results for Package TheOpenAIR

Last updated on 2024-07-14 05:53:46 CEST.

Flavor Version Tinstall Tcheck Ttotal Status Flags
r-devel-linux-x86_64-debian-clang 0.1.0 10.79 104.98 115.77 OK
r-devel-linux-x86_64-debian-gcc 0.1.0 9.33 76.13 85.46 OK
r-devel-linux-x86_64-fedora-clang 0.1.0 141.94 NOTE
r-devel-linux-x86_64-fedora-gcc 0.1.0 133.39 NOTE
r-devel-windows-x86_64 0.1.0 11.00 180.00 191.00 OK
r-patched-linux-x86_64 0.1.0 10.31 95.19 105.50 OK
r-release-linux-x86_64 0.1.0 12.41 96.53 108.94 OK
r-release-macos-arm64 0.1.0 41.00 OK
r-release-macos-x86_64 0.1.0 63.00 OK
r-release-windows-x86_64 0.1.0 12.00 147.00 159.00 OK
r-oldrel-macos-arm64 0.1.0 43.00 OK
r-oldrel-macos-x86_64 0.1.0 102.00 OK
r-oldrel-windows-x86_64 0.1.0 14.00 162.00 176.00 OK

Check Details

Version: 0.1.0
Check: data for non-ASCII characters
Result: NOTE Note: found 1 marked UTF-8 string Flavors: r-devel-linux-x86_64-fedora-clang, r-devel-linux-x86_64-fedora-gcc