CRAN Package Check Results for Package Twitmo

Last updated on 2024-07-14 05:53:47 CEST.

Flavor Version Tinstall Tcheck Ttotal Status Flags
r-devel-linux-x86_64-debian-clang 0.1.2 4.86 36.61 41.47 NOTE
r-devel-linux-x86_64-debian-gcc 0.1.2 3.60 28.56 32.16 NOTE
r-devel-linux-x86_64-fedora-clang 0.1.2 52.43 NOTE
r-devel-linux-x86_64-fedora-gcc 0.1.2 48.48 NOTE
r-devel-windows-x86_64 0.1.2 6.00 75.00 81.00 NOTE
r-patched-linux-x86_64 0.1.2 4.69 35.40 40.09 NOTE
r-release-linux-x86_64 0.1.2 2.64 36.13 38.77 NOTE
r-release-macos-arm64 0.1.2 19.00 NOTE
r-release-macos-x86_64 0.1.2 28.00 NOTE
r-release-windows-x86_64 0.1.2 6.00 52.00 58.00 NOTE
r-oldrel-macos-arm64 0.1.2 21.00 OK
r-oldrel-macos-x86_64 0.1.2 28.00 OK
r-oldrel-windows-x86_64 0.1.2 7.00 58.00 65.00 OK

Check Details

Version: 0.1.2
Check: Rd files
Result: NOTE checkRd: (-1) fit_stm.Rd:25: Lost braces 25 | \item{xcov}{Either a \[stats]{formula} with an empty left-hand side specifying external covariates | ^ Flavors: r-devel-linux-x86_64-debian-clang, r-devel-linux-x86_64-debian-gcc, r-devel-linux-x86_64-fedora-clang, r-devel-linux-x86_64-fedora-gcc, r-devel-windows-x86_64, r-patched-linux-x86_64, r-release-linux-x86_64, r-release-macos-arm64, r-release-macos-x86_64, r-release-windows-x86_64