CRAN Package Check Results for Package UCSCXenaShiny

Last updated on 2024-07-13 06:49:55 CEST.

Flavor Version Tinstall Tcheck Ttotal Status Flags
r-devel-linux-x86_64-debian-clang 2.1.0 17.14 109.21 126.35 OK
r-devel-linux-x86_64-debian-gcc 2.1.0 13.44 79.96 93.40 OK
r-devel-linux-x86_64-fedora-clang 2.1.0 157.86 NOTE
r-devel-linux-x86_64-fedora-gcc 2.1.0 156.95 OK
r-devel-windows-x86_64 2.1.0 18.00 121.00 139.00 NOTE
r-patched-linux-x86_64 2.1.0 16.20 104.10 120.30 OK
r-release-linux-x86_64 2.1.0 11.95 103.02 114.97 OK
r-release-macos-arm64 2.1.0 37.00 NOTE
r-release-macos-x86_64 2.1.0 76.00 NOTE
r-release-windows-x86_64 2.1.0 18.00 109.00 127.00 NOTE
r-oldrel-macos-arm64 2.1.0 50.00 NOTE
r-oldrel-macos-x86_64 2.1.0 73.00 NOTE
r-oldrel-windows-x86_64 2.1.0 25.00 142.00 167.00 NOTE

Check Details

Version: 2.1.0
Check: installed package size
Result: NOTE installed size is 8.0Mb sub-directories of 1Mb or more: doc 1.4Mb shinyapp 4.9Mb Flavors: r-devel-linux-x86_64-fedora-clang, r-devel-windows-x86_64, r-release-macos-arm64, r-release-macos-x86_64, r-release-windows-x86_64, r-oldrel-macos-arm64, r-oldrel-macos-x86_64, r-oldrel-windows-x86_64