CRAN Package Check Results for Package UPCM

Last updated on 2024-07-23 05:57:46 CEST.

Flavor Version Tinstall Tcheck Ttotal Status Flags
r-devel-linux-x86_64-debian-clang 0.0-3 46.01 77.24 123.25 NOTE
r-devel-linux-x86_64-debian-gcc 0.0-3 33.65 59.42 93.07 NOTE
r-devel-linux-x86_64-fedora-clang 0.0-3 178.41 NOTE
r-devel-linux-x86_64-fedora-gcc 0.0-3 176.87 NOTE
r-devel-windows-x86_64 0.0-3 42.00 106.00 148.00 NOTE
r-patched-linux-x86_64 0.0-3 50.08 76.09 126.17 NOTE
r-release-linux-x86_64 0.0-3 44.83 77.93 122.76 NOTE
r-release-macos-arm64 0.0-3 46.00 NOTE
r-release-macos-x86_64 0.0-3 71.00 NOTE
r-release-windows-x86_64 0.0-3 45.00 94.00 139.00 NOTE
r-oldrel-macos-arm64 0.0-3 59.00 NOTE
r-oldrel-macos-x86_64 0.0-3 87.00 NOTE
r-oldrel-windows-x86_64 0.0-3 50.00 113.00 163.00 NOTE

Check Details

Version: 0.0-3
Check: C++ specification
Result: NOTE Specified C++11: please drop specification unless essential Flavors: r-devel-linux-x86_64-debian-clang, r-devel-linux-x86_64-debian-gcc, r-devel-linux-x86_64-fedora-clang, r-devel-linux-x86_64-fedora-gcc, r-devel-windows-x86_64, r-patched-linux-x86_64, r-release-linux-x86_64, r-release-macos-arm64, r-release-macos-x86_64, r-release-windows-x86_64, r-oldrel-macos-arm64, r-oldrel-macos-x86_64, r-oldrel-windows-x86_64

Version: 0.0-3
Check: installed package size
Result: NOTE installed size is 5.3Mb sub-directories of 1Mb or more: libs 5.1Mb Flavor: r-oldrel-macos-arm64