CRAN Package Check Results for Package VarSelLCM

Last updated on 2024-06-13 06:58:22 CEST.

Flavor Version Tinstall Tcheck Ttotal Status Flags
r-devel-linux-x86_64-debian-clang 2.1.3.1 347.23 169.24 516.47 OK
r-devel-linux-x86_64-debian-gcc 2.1.3.1 0.42 1.68 2.10 ERROR
r-devel-linux-x86_64-fedora-clang 2.1.3.1 768.18 OK
r-devel-linux-x86_64-fedora-gcc 2.1.3.1 757.15 OK
r-devel-windows-x86_64 2.1.3.1 266.00 171.00 437.00 OK
r-patched-linux-x86_64 2.1.3.1 290.81 149.36 440.17 OK
r-release-linux-x86_64 2.1.3.1 286.50 144.98 431.48 OK
r-release-macos-arm64 2.1.3.1 140.00 NOTE
r-release-macos-x86_64 2.1.3.1 168.00 NOTE
r-release-windows-x86_64 2.1.3.1 272.00 180.00 452.00 OK
r-oldrel-macos-arm64 2.1.3.1 175.00 NOTE
r-oldrel-macos-x86_64 2.1.3.1 299.00 NOTE
r-oldrel-windows-x86_64 2.1.3.1 323.00 222.00 545.00 OK

Check Details

Version: 2.1.3.1
Check: package dependencies
Result: ERROR Package required but not available: ‘ggplot2’ Package suggested but not available for checking: ‘dplyr’ See section ‘The DESCRIPTION file’ in the ‘Writing R Extensions’ manual. Flavor: r-devel-linux-x86_64-debian-gcc

Version: 2.1.3.1
Check: installed package size
Result: NOTE installed size is 8.4Mb sub-directories of 1Mb or more: libs 7.6Mb Flavors: r-release-macos-arm64, r-release-macos-x86_64, r-oldrel-macos-arm64, r-oldrel-macos-x86_64