CRAN Package Check Results for Package WaverR

Last updated on 2024-07-11 05:54:13 CEST.

Flavor Version Tinstall Tcheck Ttotal Status Flags
r-devel-linux-x86_64-debian-clang 1.0 3.47 33.12 36.59 NOTE
r-devel-linux-x86_64-debian-gcc 1.0 2.31 24.97 27.28 NOTE
r-devel-linux-x86_64-fedora-clang 1.0 45.23 NOTE
r-devel-linux-x86_64-fedora-gcc 1.0 43.43 NOTE
r-devel-windows-x86_64 1.0 4.00 46.00 50.00 OK
r-patched-linux-x86_64 1.0 2.77 31.74 34.51 NOTE
r-release-linux-x86_64 1.0 3.24 32.45 35.69 NOTE
r-release-macos-arm64 1.0 17.00 OK
r-release-macos-x86_64 1.0 26.00 OK
r-release-windows-x86_64 1.0 4.00 45.00 49.00 OK
r-oldrel-macos-arm64 1.0 18.00 OK
r-oldrel-macos-x86_64 1.0 26.00 OK
r-oldrel-windows-x86_64 1.0 5.00 50.00 55.00 OK

Check Details

Version: 1.0
Check: for non-standard things in the check directory
Result: NOTE Found the following files/directories: ‘ReconstructedData.txt’ ‘ReconstructedDataStDev.txt’ ‘ResampledReconstructions.txt’ ‘ResampledReconstructionsStandardVariation.txt’ Flavors: r-devel-linux-x86_64-debian-clang, r-devel-linux-x86_64-debian-gcc, r-devel-linux-x86_64-fedora-clang, r-devel-linux-x86_64-fedora-gcc, r-patched-linux-x86_64, r-release-linux-x86_64