CRAN Package Check Results for Package ZIPG

Last updated on 2024-07-21 05:57:50 CEST.

Flavor Version Tinstall Tcheck Ttotal Status Flags
r-devel-linux-x86_64-debian-clang 1.1 3.92 32.06 35.98 OK
r-devel-linux-x86_64-debian-gcc 1.1 3.20 23.32 26.52 OK
r-devel-linux-x86_64-fedora-clang 1.1 44.68 NOTE
r-devel-linux-x86_64-fedora-gcc 1.1 41.50 NOTE
r-devel-windows-x86_64 1.1 5.00 46.00 51.00 OK
r-patched-linux-x86_64 1.1 4.24 29.31 33.55 OK
r-release-linux-x86_64 1.1 3.68 30.54 34.22 OK
r-release-macos-arm64 1.1 17.00 OK
r-release-macos-x86_64 1.1 25.00 OK
r-release-windows-x86_64 1.1 4.00 45.00 49.00 OK
r-oldrel-macos-arm64 1.1 27.00 OK
r-oldrel-macos-x86_64 1.1 37.00 OK
r-oldrel-windows-x86_64 1.1 4.00 46.00 50.00 OK

Check Details

Version: 1.1
Check: dependencies in R code
Result: NOTE Namespace in Imports field not imported from: ‘MASS’ All declared Imports should be used. Flavors: r-devel-linux-x86_64-fedora-clang, r-devel-linux-x86_64-fedora-gcc