CRAN Package Check Results for Package africamonitor

Last updated on 2024-06-18 07:03:49 CEST.

Flavor Version Tinstall Tcheck Ttotal Status Flags
r-devel-linux-x86_64-debian-clang 0.2.4 5.23 49.06 54.29 OK
r-devel-linux-x86_64-debian-gcc 0.2.4 3.50 36.08 39.58 OK
r-devel-linux-x86_64-fedora-clang 0.2.4 67.51 NOTE
r-devel-linux-x86_64-fedora-gcc 0.2.4 62.05 NOTE
r-devel-windows-x86_64 0.2.4 6.00 56.00 62.00 OK
r-patched-linux-x86_64 0.2.4 5.52 46.35 51.87 OK
r-release-linux-x86_64 0.2.4 5.20 46.30 51.50 OK
r-release-macos-arm64 0.2.4 24.00 OK
r-release-macos-x86_64 0.2.4 32.00 OK
r-release-windows-x86_64 0.2.4 6.00 57.00 63.00 OK
r-oldrel-macos-arm64 0.2.4 29.00 OK
r-oldrel-macos-x86_64 0.2.4 68.00 OK
r-oldrel-windows-x86_64 0.2.4 6.00 63.00 69.00 OK

Check Details

Version: 0.2.4
Check: data for non-ASCII characters
Result: NOTE Note: found 11 marked UTF-8 strings Flavors: r-devel-linux-x86_64-fedora-clang, r-devel-linux-x86_64-fedora-gcc