CRAN Package Check Results for Package ahw

Last updated on 2024-07-25 05:54:52 CEST.

Flavor Version Tinstall Tcheck Ttotal Status Flags
r-devel-linux-x86_64-debian-clang 0.1.0 7.87 103.53 111.40 OK
r-devel-linux-x86_64-debian-gcc 0.1.0 7.66 102.70 110.36 NOTE
r-devel-linux-x86_64-fedora-clang 0.1.0 158.95 OK
r-devel-linux-x86_64-fedora-gcc 0.1.0 147.58 OK
r-devel-windows-x86_64 0.1.0 9.00 88.00 97.00 NOTE
r-patched-linux-x86_64 0.1.0 9.98 122.90 132.88 OK
r-release-linux-x86_64 0.1.0 9.59 118.11 127.70 OK
r-release-macos-arm64 0.1.0 41.00 OK
r-release-macos-x86_64 0.1.0 65.00 OK
r-release-windows-x86_64 0.1.0 9.00 89.00 98.00 OK
r-oldrel-macos-arm64 0.1.0 46.00 OK
r-oldrel-macos-x86_64 0.1.0 82.00 OK
r-oldrel-windows-x86_64 0.1.0 11.00 109.00 120.00 OK

Check Details

Version: 0.1.0
Check: Rd cross-references
Result: NOTE Found the following Rd file(s) with Rd \link{} targets missing package anchors: addNoiseAtEventTimes.Rd: data.table makeContWeights.Rd: data.table weightPredict.Rd: data.table Please provide package anchors for all Rd \link{} targets not in the package itself and the base packages. Flavors: r-devel-linux-x86_64-debian-gcc, r-devel-windows-x86_64