CRAN Package Check Results for Package alpaca

Last updated on 2024-06-22 06:50:37 CEST.

Flavor Version Tinstall Tcheck Ttotal Status Flags
r-devel-linux-x86_64-debian-clang 0.3.4 62.70 50.43 113.13 NOTE
r-devel-linux-x86_64-debian-gcc 0.3.4 44.16 37.70 81.86 NOTE
r-devel-linux-x86_64-fedora-clang 0.3.4 166.07 NOTE
r-devel-linux-x86_64-fedora-gcc 0.3.4 170.88 NOTE
r-devel-windows-x86_64 0.3.4 48.00 80.00 128.00 NOTE
r-patched-linux-x86_64 0.3.4 51.86 49.11 100.97 NOTE
r-release-linux-x86_64 0.3.4 58.77 48.64 107.41 NOTE
r-release-macos-arm64 0.3.4 42.00 NOTE
r-release-macos-x86_64 0.3.4 54.00 NOTE
r-release-windows-x86_64 0.3.4 50.00 80.00 130.00 NOTE
r-oldrel-macos-arm64 0.3.4 49.00 NOTE
r-oldrel-macos-x86_64 0.3.4 76.00 NOTE
r-oldrel-windows-x86_64 0.3.4 60.00 90.00 150.00 NOTE

Check Details

Version: 0.3.4
Check: C++ specification
Result: NOTE Specified C++11: please drop specification unless essential Flavors: r-devel-linux-x86_64-debian-clang, r-devel-linux-x86_64-debian-gcc, r-devel-linux-x86_64-fedora-clang, r-devel-linux-x86_64-fedora-gcc, r-devel-windows-x86_64, r-patched-linux-x86_64, r-release-linux-x86_64, r-release-macos-arm64, r-release-macos-x86_64, r-release-windows-x86_64, r-oldrel-macos-arm64, r-oldrel-macos-x86_64, r-oldrel-windows-x86_64