CRAN Package Check Results for Package analogsea

Last updated on 2024-06-23 05:54:16 CEST.

Flavor Version Tinstall Tcheck Ttotal Status Flags
r-devel-linux-x86_64-debian-clang 1.0.7.2 5.11 47.86 52.97 OK
r-devel-linux-x86_64-debian-gcc 1.0.7.2 4.09 37.32 41.41 OK
r-devel-linux-x86_64-fedora-clang 1.0.7.2 67.53 OK
r-devel-linux-x86_64-fedora-gcc 1.0.7.2 63.84 OK
r-devel-windows-x86_64 1.0.7.2 6.00 72.00 78.00 OK
r-patched-linux-x86_64 1.0.7.2 6.90 47.68 54.58 OK
r-release-linux-x86_64 1.0.7.2 5.60 46.72 52.32 OK
r-release-macos-arm64 1.0.7.2 25.00 OK
r-release-macos-x86_64 1.0.7.2 34.00 NOTE
r-release-windows-x86_64 1.0.7.2 7.00 73.00 80.00 OK
r-oldrel-macos-arm64 1.0.7.2 26.00 OK
r-oldrel-macos-x86_64 1.0.7.2 44.00 OK
r-oldrel-windows-x86_64 1.0.7.2 8.00 79.00 87.00 OK

Check Details

Version: 1.0.7.2
Check: package dependencies
Result: NOTE Package suggested but not available for checking: ‘arrow’ Flavor: r-release-macos-x86_64