CRAN Package Check Results for Package apollo

Last updated on 2024-06-13 06:57:54 CEST.

Flavor Version Tinstall Tcheck Ttotal Status Flags
r-devel-linux-x86_64-debian-clang 0.3.3 88.93 272.87 361.80 NOTE
r-devel-linux-x86_64-debian-gcc 0.3.3 0.47 1.72 2.19 ERROR
r-devel-linux-x86_64-fedora-clang 0.3.3 471.86 OK
r-devel-linux-x86_64-fedora-gcc 0.3.3 469.17 OK
r-devel-windows-x86_64 0.3.3 73.00 198.00 271.00 OK
r-patched-linux-x86_64 0.3.3 84.64 260.54 345.18 NOTE
r-release-linux-x86_64 0.3.3 79.83 264.07 343.90 NOTE
r-release-macos-arm64 0.3.3 96.00 OK
r-release-macos-x86_64 0.3.3 192.00 OK
r-release-windows-x86_64 0.3.3 65.00 222.00 287.00 OK
r-oldrel-macos-arm64 0.3.3 114.00 OK
r-oldrel-macos-x86_64 0.3.3 239.00 OK
r-oldrel-windows-x86_64 0.3.3 92.00 254.00 346.00 OK

Check Details

Version: 0.3.3
Check: R code for possible problems
Result: NOTE Found the following calls to attach(): File ‘apollo/R/apollo_attach.R’: attach(as.list(apollo_beta), warn.conflicts = FALSE) attach(database, warn.conflicts = FALSE) attach(draws, warn.conflicts = FALSE) attach(randcoeff, warn.conflicts = FALSE) attach(lcpars, warn.conflicts = FALSE) See section ‘Good practice’ in ‘?attach’. Flavors: r-devel-linux-x86_64-debian-clang, r-patched-linux-x86_64, r-release-linux-x86_64

Version: 0.3.3
Check: package dependencies
Result: ERROR Packages required but not available: 'tibble', 'stringr' Package suggested but not available for checking: ‘testthat’ See section ‘The DESCRIPTION file’ in the ‘Writing R Extensions’ manual. Flavor: r-devel-linux-x86_64-debian-gcc