CRAN Package Check Results for Package apt

Last updated on 2024-06-13 06:57:54 CEST.

Flavor Version Tinstall Tcheck Ttotal Status Flags
r-devel-linux-x86_64-debian-clang 3.0 8.56 76.73 85.29 OK
r-devel-linux-x86_64-debian-gcc 3.0 0.28 1.74 2.02 ERROR
r-devel-linux-x86_64-fedora-clang 3.0 109.45 OK
r-devel-linux-x86_64-fedora-gcc 3.0 103.53 OK
r-devel-windows-x86_64 3.0 9.00 73.00 82.00 OK
r-patched-linux-x86_64 3.0 9.52 75.84 85.36 OK
r-release-linux-x86_64 3.0 8.51 74.01 82.52 OK
r-release-macos-arm64 3.0 33.00 OK
r-release-macos-x86_64 3.0 61.00 OK
r-release-windows-x86_64 3.0 10.00 76.00 86.00 OK
r-oldrel-macos-arm64 3.0 37.00 OK
r-oldrel-macos-x86_64 3.0 57.00 OK
r-oldrel-windows-x86_64 3.0 11.00 91.00 102.00 OK

Check Details

Version: 3.0
Check: package dependencies
Result: ERROR Packages required but not available: 'erer', 'car' See section ‘The DESCRIPTION file’ in the ‘Writing R Extensions’ manual. Flavor: r-devel-linux-x86_64-debian-gcc