CRAN Package Check Results for Package auctestr

Last updated on 2024-07-23 05:57:26 CEST.

Flavor Version Tinstall Tcheck Ttotal Status Flags
r-devel-linux-x86_64-debian-clang 1.0.0 3.88 49.66 53.54 OK
r-devel-linux-x86_64-debian-gcc 1.0.0 3.60 37.49 41.09 OK
r-devel-linux-x86_64-fedora-clang 1.0.0 69.43 NOTE
r-devel-linux-x86_64-fedora-gcc 1.0.0 76.67 NOTE
r-devel-windows-x86_64 1.0.0 6.00 59.00 65.00 OK
r-patched-linux-x86_64 1.0.0 4.85 46.36 51.21 OK
r-release-linux-x86_64 1.0.0 4.29 45.97 50.26 OK
r-release-macos-arm64 1.0.0 30.00 OK
r-release-macos-x86_64 1.0.0 44.00 OK
r-release-windows-x86_64 1.0.0 5.00 56.00 61.00 OK
r-oldrel-macos-arm64 1.0.0 29.00 OK
r-oldrel-macos-x86_64 1.0.0 46.00 OK
r-oldrel-windows-x86_64 1.0.0 7.00 63.00 70.00 OK

Check Details

Version: 1.0.0
Check: dependencies in R code
Result: NOTE Namespace in Imports field not imported from: ‘tidyr’ All declared Imports should be used. Flavors: r-devel-linux-x86_64-fedora-clang, r-devel-linux-x86_64-fedora-gcc