CRAN Package Check Results for Package basad

Last updated on 2024-06-13 06:57:55 CEST.

Flavor Version Tinstall Tcheck Ttotal Status Flags
r-devel-linux-x86_64-debian-clang 0.3.0 113.83 31.06 144.89 OK
r-devel-linux-x86_64-debian-gcc 0.3.0 79.32 29.77 109.09 OK
r-devel-linux-x86_64-fedora-clang 0.3.0 179.34 OK
r-devel-linux-x86_64-fedora-gcc 0.3.0 204.38 OK
r-devel-windows-x86_64 0.3.0 71.00 66.00 137.00 OK
r-patched-linux-x86_64 0.3.0 96.25 37.43 133.68 OK
r-release-linux-x86_64 0.3.0 86.10 38.06 124.16 OK
r-release-macos-arm64 0.3.0 43.00 NOTE
r-release-macos-x86_64 0.3.0 57.00 NOTE
r-release-windows-x86_64 0.3.0 71.00 69.00 140.00 OK
r-oldrel-macos-arm64 0.3.0 48.00 NOTE
r-oldrel-macos-x86_64 0.3.0 69.00 NOTE
r-oldrel-windows-x86_64 0.3.0 90.00 84.00 174.00 OK

Check Details

Version: 0.3.0
Check: installed package size
Result: NOTE installed size is 19.7Mb sub-directories of 1Mb or more: libs 19.6Mb Flavors: r-release-macos-arm64, r-release-macos-x86_64, r-oldrel-macos-arm64, r-oldrel-macos-x86_64