CRAN Package Check Results for Package bayes4psy

Last updated on 2024-06-13 06:57:55 CEST.

Flavor Version Tinstall Tcheck Ttotal Status Flags
r-devel-linux-x86_64-debian-clang 1.2.12 748.15 420.78 1168.93 NOTE
r-devel-linux-x86_64-debian-gcc 1.2.12 0.70 1.75 2.45 ERROR
r-devel-linux-x86_64-fedora-clang 1.2.12 1404.49 NOTE
r-devel-linux-x86_64-fedora-gcc 1.2.12 1589.21 NOTE
r-devel-windows-x86_64 1.2.12 547.00 390.00 937.00 NOTE
r-patched-linux-x86_64 1.2.12 0.01 3.04 3.05 ERROR
r-release-linux-x86_64 1.2.12 0.02 2.82 2.84 ERROR
r-release-macos-arm64 1.2.12 347.00 NOTE
r-release-macos-x86_64 1.2.12 435.00 NOTE
r-release-windows-x86_64 1.2.12 546.00 392.00 938.00 NOTE
r-oldrel-macos-arm64 1.2.12 348.00 NOTE
r-oldrel-macos-x86_64 1.2.12 485.00 NOTE
r-oldrel-windows-x86_64 1.2.12 696.00 527.00 1223.00 NOTE

Check Details

Version: 1.2.12
Check: for GNU extensions in Makefiles
Result: NOTE GNU make is a SystemRequirements. Flavors: r-devel-linux-x86_64-debian-clang, r-devel-linux-x86_64-fedora-clang, r-devel-linux-x86_64-fedora-gcc, r-devel-windows-x86_64, r-release-macos-arm64, r-release-macos-x86_64, r-release-windows-x86_64, r-oldrel-macos-arm64, r-oldrel-macos-x86_64, r-oldrel-windows-x86_64

Version: 1.2.12
Check: package dependencies
Result: ERROR Packages required but not available: 'cowplot', 'dplyr', 'ggplot2', 'rstan', 'mcmcse' Package suggested but not available for checking: ‘testthat’ See section ‘The DESCRIPTION file’ in the ‘Writing R Extensions’ manual. Flavor: r-devel-linux-x86_64-debian-gcc

Version: 1.2.12
Check: installed package size
Result: NOTE installed size is 10.0Mb sub-directories of 1Mb or more: doc 1.9Mb libs 6.5Mb Flavors: r-devel-linux-x86_64-fedora-clang, r-devel-windows-x86_64, r-release-macos-arm64, r-release-macos-x86_64, r-release-windows-x86_64, r-oldrel-macos-arm64, r-oldrel-macos-x86_64, r-oldrel-windows-x86_64

Version: 1.2.12
Check: whether package can be installed
Result: ERROR Installation failed. Flavors: r-patched-linux-x86_64, r-release-linux-x86_64