CRAN Package Check Results for Package bayesboot

Last updated on 2024-06-20 06:57:07 CEST.

Flavor Version Tinstall Tcheck Ttotal Status Flags
r-devel-linux-x86_64-debian-clang 0.2.2 2.68 35.63 38.31 NOTE
r-devel-linux-x86_64-debian-gcc 0.2.2 1.38 27.44 28.82 NOTE
r-devel-linux-x86_64-fedora-clang 0.2.2 50.16 NOTE
r-devel-linux-x86_64-fedora-gcc 0.2.2 47.32 NOTE
r-devel-windows-x86_64 0.2.2 3.00 49.00 52.00 NOTE
r-patched-linux-x86_64 0.2.2 4.05 35.47 39.52 NOTE
r-release-linux-x86_64 0.2.2 2.41 36.00 38.41 NOTE
r-release-macos-arm64 0.2.2 19.00 NOTE
r-release-macos-x86_64 0.2.2 29.00 NOTE
r-release-windows-x86_64 0.2.2 3.00 49.00 52.00 NOTE
r-oldrel-macos-arm64 0.2.2 21.00 NOTE
r-oldrel-macos-x86_64 0.2.2 29.00 NOTE
r-oldrel-windows-x86_64 0.2.2 3.00 63.00 66.00 NOTE

Check Details

Version: 0.2.2
Check: LazyData
Result: NOTE 'LazyData' is specified without a 'data' directory Flavors: r-devel-linux-x86_64-debian-clang, r-devel-linux-x86_64-debian-gcc, r-devel-linux-x86_64-fedora-clang, r-devel-linux-x86_64-fedora-gcc, r-devel-windows-x86_64, r-patched-linux-x86_64, r-release-linux-x86_64, r-release-macos-arm64, r-release-macos-x86_64, r-release-windows-x86_64, r-oldrel-macos-arm64, r-oldrel-macos-x86_64, r-oldrel-windows-x86_64