CRAN Package Check Results for Package behaviorchange

Last updated on 2024-07-14 05:53:27 CEST.

Flavor Version Tinstall Tcheck Ttotal Status Flags
r-devel-linux-x86_64-debian-clang 0.5.5 16.77 125.36 142.13 OK
r-devel-linux-x86_64-debian-gcc 0.5.5 11.39 90.84 102.23 OK
r-devel-linux-x86_64-fedora-clang 0.5.5 171.11 OK
r-devel-linux-x86_64-fedora-gcc 0.5.5 186.83 OK
r-devel-windows-x86_64 0.5.5 12.00 112.00 124.00 NOTE
r-patched-linux-x86_64 0.5.5 20.70 116.41 137.11 OK
r-release-linux-x86_64 0.5.5 10.13 115.71 125.84 OK
r-release-macos-arm64 0.5.5 57.00 OK
r-release-macos-x86_64 0.5.5 89.00 OK
r-release-windows-x86_64 0.5.5 15.00 110.00 125.00 OK
r-oldrel-macos-arm64 0.5.5 57.00 OK
r-oldrel-macos-x86_64 0.5.5 83.00 OK
r-oldrel-windows-x86_64 0.5.5 16.00 129.00 145.00 OK

Check Details

Version: 0.5.5
Check: Rd cross-references
Result: NOTE Found the following Rd file(s) with Rd \link{} targets missing package anchors: CIBER.Rd: ggplot2, biAxisDiamondPlot, diamondPlot, gtable determinantStructure.Rd: data.tree Please provide package anchors for all Rd \link{} targets not in the package itself and the base packages. Flavor: r-devel-windows-x86_64